									
{"id":8886,"date":"2025-06-02T10:48:13","date_gmt":"2025-06-02T10:48:13","guid":{"rendered":"https:\/\/cineslys.com\/?post_type=tribe_events&#038;p=8886"},"modified":"2025-06-02T10:48:13","modified_gmt":"2025-06-02T10:48:13","slug":"preestreno-benefico-erase-una-vez-mi-madre","status":"publish","type":"tribe_events","link":"https:\/\/cineslys.com\/val\/calendario\/preestreno-benefico-erase-una-vez-mi-madre\/","title":{"rendered":"Preestreno Ben\u00e9fico: \u00c9rase una vez mi madre"},"content":{"rendered":"<h3><strong>Preestreno Ben\u00e9fico: \u00c9rase una vez mi madre<\/strong><\/h3>\n<h3>Jueves, 12 de junio &#8211; 20:30h<\/h3>\n<h3>Entrada: 10\u20ac<\/h3>\n<p>Este pr\u00f3ximo jueves tendremos un pase de preestreno de <strong>\u00c9rase una vez mi madre<\/strong>, lo recaudado ir\u00e1 para la <strong>Fundaci\u00f3n Viktor E. Frankl,<\/strong> dedicada al acompa\u00f1amiento en procesos de sufrimiento emocional.<\/p>\n<p><strong>Sinopsis: <\/strong> Par\u00eds, 1963. Roland, el menor de una familia de seis hermanos, sufre una malformaci\u00f3n en un pie. Seg\u00fan los m\u00e9dicos nunca podr\u00e1 caminar, pero su testaruda madre, Esther, simplemente se niega a aceptarlo. Mediante una combinaci\u00f3n de fe inquebrantable y negaci\u00f3n excepcional, la mujer est\u00e1 decidida a desafiar cualquier adversidad para conseguir que su hijo sea feliz.<\/p>\n<p><a href=\"https:\/\/www.reservaentradas.com\/entrada\/valencia\/cineslys\/erase-una-vez-mi-madre-benefico-asociacion-viktor-e-frankl\/364628\/?step=2\" rel=\"nofollow noopener\" target=\"_blank\"> <button>Reservar entradas<\/button> <\/a><\/p>\n<p><iframe title=\"\u00c9RASE UNA VEZ MI MADRE - Tr\u00e1iler\" width=\"750\" height=\"422\" src=\"https:\/\/www.youtube.com\/embed\/ZlpAXBBoQ4Y?feature=oembed\" frameborder=\"0\" allow=\"accelerometer; autoplay; clipboard-write; encrypted-media; gyroscope; picture-in-picture; web-share\" referrerpolicy=\"strict-origin-when-cross-origin\" allowfullscreen><\/iframe><\/p>","protected":false},"excerpt":{"rendered":"<p>Preestreno Ben\u00e9fico: \u00c9rase una vez mi madre Jueves, 12 de junio &#8211; 20:30h Entrada: 10\u20ac Este pr\u00f3ximo jueves tendremos un pase de preestreno de \u00c9rase una vez mi madre, lo&hellip; <a class=\"more-link\" href=\"https:\/\/cineslys.com\/val\/calendario\/preestreno-benefico-erase-una-vez-mi-madre\/\">Continue reading <span class=\"screen-reader-text\">Preestreno Ben\u00e9fico: \u00c9rase una vez mi madre<\/span><\/a><\/p>","protected":false},"author":1,"featured_media":8887,"template":"","meta":{"_tribe_events_status":"","_tribe_events_status_reason":"","footnotes":""},"tags":[],"tribe_events_cat":[24],"class_list":["post-8886","tribe_events","type-tribe_events","status-publish","has-post-thumbnail","hentry","tribe_events_cat-eventos","cat_eventos","entry"],"_links":{"self":[{"href":"https:\/\/cineslys.com\/val\/wp-json\/wp\/v2\/tribe_events\/8886","targetHints":{"allow":["GET"]}}],"collection":[{"href":"https:\/\/cineslys.com\/val\/wp-json\/wp\/v2\/tribe_events"}],"about":[{"href":"https:\/\/cineslys.com\/val\/wp-json\/wp\/v2\/types\/tribe_events"}],"author":[{"embeddable":true,"href":"https:\/\/cineslys.com\/val\/wp-json\/wp\/v2\/users\/1"}],"version-history":[{"count":0,"href":"https:\/\/cineslys.com\/val\/wp-json\/wp\/v2\/tribe_events\/8886\/revisions"}],"wp:featuredmedia":[{"embeddable":true,"href":"https:\/\/cineslys.com\/val\/wp-json\/wp\/v2\/media\/8887"}],"wp:attachment":[{"href":"https:\/\/cineslys.com\/val\/wp-json\/wp\/v2\/media?parent=8886"}],"wp:term":[{"taxonomy":"post_tag","embeddable":true,"href":"https:\/\/cineslys.com\/val\/wp-json\/wp\/v2\/tags?post=8886"},{"taxonomy":"tribe_events_cat","embeddable":true,"href":"https:\/\/cineslys.com\/val\/wp-json\/wp\/v2\/tribe_events_cat?post=8886"}],"curies":[{"name":"wp","href":"https:\/\/api.w.org\/{rel}","templated":true}]}}

Preestreno Benéfico: Érase una vez mi madre

<h3><strong>Preestreno Benéfico: Érase una vez mi madre</strong></h3>
<h3>Jueves, 12 de junio &#8211; 20:30h</h3>
<h3>Entrada: 10€</h3>
<p>Este próximo jueves tendremos un pase de preestreno de <strong>Érase una vez mi madre</strong>, lo recaudado irá para la <strong>Fundación Viktor E. Frankl,</strong> dedicada al acompañamiento en procesos de sufrimiento emocional.</p>
<p><strong>Sinopsis: </strong> París, 1963. Roland, el menor de una familia de seis hermanos, sufre una malformación en un pie. Según los médicos nunca podrá caminar, pero su testaruda madre, Esther, simplemente se niega a aceptarlo. Mediante una combinación de fe inquebrantable y negación excepcional, la mujer está decidida a desafiar cualquier adversidad para conseguir que su hijo sea feliz.</p>
<p><a href="https://www.reservaentradas.com/entrada/valencia/cineslys/erase-una-vez-mi-madre-benefico-asociacion-viktor-e-frankl/364628/?step=2" rel="nofollow noopener" target="_blank"> <button>Reservar entradas</button> </a></p>
<p><iframe title="ÉRASE UNA VEZ MI MADRE - Tráiler" width="750" height="422" src="https://www.youtube.com/embed/ZlpAXBBoQ4Y?feature=oembed" frameborder="0" allow="accelerometer; autoplay; clipboard-write; encrypted-media; gyroscope; picture-in-picture; web-share" referrerpolicy="strict-origin-when-cross-origin" allowfullscreen></iframe></p>

<p>Preestreno Benéfico: Érase una vez mi madre Jueves, 12 de junio &#8211; 20:30h Entrada: 10€ Este próximo jueves tendremos un pase de preestreno de Érase una vez mi madre, lo&hellip; <a class="more-link" href="https://cineslys.com/val/calendario/preestreno-benefico-erase-una-vez-mi-madre/">Continue reading <span class="screen-reader-text">Preestreno Benéfico: Érase una vez mi madre</span></a></p>
