									
{"id":9180,"date":"2025-06-27T08:40:01","date_gmt":"2025-06-27T08:40:01","guid":{"rendered":"https:\/\/cineslys.com\/?post_type=tribe_events&#038;p=9180"},"modified":"2025-06-27T08:40:01","modified_gmt":"2025-06-27T08:40:01","slug":"version-digital-madama-butterfly-3","status":"publish","type":"tribe_events","link":"https:\/\/cineslys.com\/val\/calendario\/version-digital-madama-butterfly-3\/","title":{"rendered":"Versi\u00f3n Digital: Madama Butterfly"},"content":{"rendered":"<h3><strong>Madama Butterfly<\/strong><br \/>\nJueves, 21 de agosto de 2025 &#8211; 19:35h<\/h3>\n<p><strong>Desde Macerata Opera Festival<\/strong><\/p>\n<p>La producci\u00f3n de Madama Butterfly en el Sferisterio Opera Festival de Macerata en 2009 fue una de las m\u00e1s destacadas de la temporada, combinando una direcci\u00f3n esc\u00e9nica elegante, interpretaciones vocales conmovedoras y una escenograf\u00eda que captur\u00f3 la esencia del Jap\u00f3n tradicional. Bajo la direcci\u00f3n de Pier Luigi Pizzi, quien tambi\u00e9n dise\u00f1\u00f3 la escenograf\u00eda y el vestuario, la puesta en escena present\u00f3 un Jap\u00f3n estilizado y esencial. El maestro Daniele Callegari dirigi\u00f3 a la Orquesta Regionale delle Marche con una interpretaci\u00f3n apasionada y precisa. La producci\u00f3n fue recibida con entusiasmo tanto por el p\u00fablico como por la cr\u00edtica. Una producci\u00f3n de gran coherencia art\u00edstica, donde escena, m\u00fasica e interpretaci\u00f3n vocal se combinaron para ofrecer una Madama Butterfly de alt\u00edsima calidad, emocionalmente aut\u00e9ntica y visualmente po\u00e9tica.<\/p>\n<p><a href=\"https:\/\/www.reservaentradas.com\/entrada\/valencia\/cineslys\/cinema-summer-festival-madama-butterfly\/367280\/?step=2\" rel=\"nofollow noopener\" target=\"_blank\"> <button>Reservar entradas<\/button><\/a><\/p>","protected":false},"excerpt":{"rendered":"<p>Madama Butterfly Jueves, 21 de agosto de 2025 &#8211; 19:35h Desde Macerata Opera Festival La producci\u00f3n de Madama Butterfly en el Sferisterio Opera Festival de Macerata en 2009 fue una&hellip; <a class=\"more-link\" href=\"https:\/\/cineslys.com\/val\/calendario\/version-digital-madama-butterfly-3\/\">Continue reading <span class=\"screen-reader-text\">Versi\u00f3n Digital: Madama Butterfly<\/span><\/a><\/p>","protected":false},"author":1,"featured_media":9181,"template":"","meta":{"_tribe_events_status":"","_tribe_events_status_reason":"","footnotes":""},"tags":[],"tribe_events_cat":[24],"class_list":["post-9180","tribe_events","type-tribe_events","status-publish","has-post-thumbnail","hentry","tribe_events_cat-eventos","cat_eventos","entry"],"_links":{"self":[{"href":"https:\/\/cineslys.com\/val\/wp-json\/wp\/v2\/tribe_events\/9180","targetHints":{"allow":["GET"]}}],"collection":[{"href":"https:\/\/cineslys.com\/val\/wp-json\/wp\/v2\/tribe_events"}],"about":[{"href":"https:\/\/cineslys.com\/val\/wp-json\/wp\/v2\/types\/tribe_events"}],"author":[{"embeddable":true,"href":"https:\/\/cineslys.com\/val\/wp-json\/wp\/v2\/users\/1"}],"version-history":[{"count":0,"href":"https:\/\/cineslys.com\/val\/wp-json\/wp\/v2\/tribe_events\/9180\/revisions"}],"wp:featuredmedia":[{"embeddable":true,"href":"https:\/\/cineslys.com\/val\/wp-json\/wp\/v2\/media\/9181"}],"wp:attachment":[{"href":"https:\/\/cineslys.com\/val\/wp-json\/wp\/v2\/media?parent=9180"}],"wp:term":[{"taxonomy":"post_tag","embeddable":true,"href":"https:\/\/cineslys.com\/val\/wp-json\/wp\/v2\/tags?post=9180"},{"taxonomy":"tribe_events_cat","embeddable":true,"href":"https:\/\/cineslys.com\/val\/wp-json\/wp\/v2\/tribe_events_cat?post=9180"}],"curies":[{"name":"wp","href":"https:\/\/api.w.org\/{rel}","templated":true}]}}

Versión Digital: Madama Butterfly

<h3><strong>Madama Butterfly</strong><br />
Jueves, 21 de agosto de 2025 &#8211; 19:35h</h3>
<p><strong>Desde Macerata Opera Festival</strong></p>
<p>La producción de Madama Butterfly en el Sferisterio Opera Festival de Macerata en 2009 fue una de las más destacadas de la temporada, combinando una dirección escénica elegante, interpretaciones vocales conmovedoras y una escenografía que capturó la esencia del Japón tradicional. Bajo la dirección de Pier Luigi Pizzi, quien también diseñó la escenografía y el vestuario, la puesta en escena presentó un Japón estilizado y esencial. El maestro Daniele Callegari dirigió a la Orquesta Regionale delle Marche con una interpretación apasionada y precisa. La producción fue recibida con entusiasmo tanto por el público como por la crítica. Una producción de gran coherencia artística, donde escena, música e interpretación vocal se combinaron para ofrecer una Madama Butterfly de altísima calidad, emocionalmente auténtica y visualmente poética.</p>
<p><a href="https://www.reservaentradas.com/entrada/valencia/cineslys/cinema-summer-festival-madama-butterfly/367280/?step=2" rel="nofollow noopener" target="_blank"> <button>Reservar entradas</button></a></p>

<p>Madama Butterfly Jueves, 21 de agosto de 2025 &#8211; 19:35h Desde Macerata Opera Festival La producción de Madama Butterfly en el Sferisterio Opera Festival de Macerata en 2009 fue una&hellip; <a class="more-link" href="https://cineslys.com/val/calendario/version-digital-madama-butterfly-3/">Continue reading <span class="screen-reader-text">Versión Digital: Madama Butterfly</span></a></p>
