									
{"id":9183,"date":"2025-06-27T08:42:47","date_gmt":"2025-06-27T08:42:47","guid":{"rendered":"https:\/\/cineslys.com\/?post_type=tribe_events&#038;p=9183"},"modified":"2025-06-27T08:42:47","modified_gmt":"2025-06-27T08:42:47","slug":"version-digital-la-traviata-2","status":"publish","type":"tribe_events","link":"https:\/\/cineslys.com\/val\/calendario\/version-digital-la-traviata-2\/","title":{"rendered":"Versi\u00f3n Digital: La Traviata"},"content":{"rendered":"<h3><strong>La Traviata<\/strong><br \/>\nJueves, 4 de septiembre de 2025 &#8211; 19:35h<\/h3>\n<p><strong>Desde el Festival de Baden Baden<\/strong><\/p>\n<p>La producci\u00f3n de La Traviata presentada en el Festspielhaus de Baden-Baden en 2015, bajo la direcci\u00f3n esc\u00e9nica de Rolando Villaz\u00f3n, ofreci\u00f3 una interpretaci\u00f3n visualmente audaz y musicalmente refinada de la obra maestra de Verdi. Villaz\u00f3n traslad\u00f3 la acci\u00f3n al universo de un circo atemporal, transformando el drama de Violetta en una par\u00e1bola sobre la fugacidad del amor y la hipocres\u00eda social. El maestro espa\u00f1ol Pablo Heras-Casado dirigi\u00f3 a la orquesta Balthasar-Neumann-Ensemble y al Balthasar-Neumann-Chor con una lectura detallada y sensible de la partitura de Verdi. La producci\u00f3n recibi\u00f3 una gran cogida por la cr\u00edtica especializa donde la propuesta esc\u00e9nica de Villaz\u00f3n fue alabada por su originalidad y simbolismo y las interpretaciones vocales, especialmente la de Peretyatko, fueron ampliamente elogiadas por su calidad y expresividad .<\/p>\n<p><a href=\"https:\/\/www.reservaentradas.com\/entrada\/valencia\/cineslys\/cinema-summer-festival-la-traviata\/367281\/?step=2\" rel=\"nofollow noopener\" target=\"_blank\"> <button>Reservar entradas<\/button><\/a><\/p>","protected":false},"excerpt":{"rendered":"<p>La Traviata Jueves, 4 de septiembre de 2025 &#8211; 19:35h Desde el Festival de Baden Baden La producci\u00f3n de La Traviata presentada en el Festspielhaus de Baden-Baden en 2015, bajo&hellip; <a class=\"more-link\" href=\"https:\/\/cineslys.com\/val\/calendario\/version-digital-la-traviata-2\/\">Continue reading <span class=\"screen-reader-text\">Versi\u00f3n Digital: La Traviata<\/span><\/a><\/p>","protected":false},"author":1,"featured_media":9184,"template":"","meta":{"_tribe_events_status":"","_tribe_events_status_reason":"","footnotes":""},"tags":[],"tribe_events_cat":[24],"class_list":["post-9183","tribe_events","type-tribe_events","status-publish","has-post-thumbnail","hentry","tribe_events_cat-eventos","cat_eventos","entry"],"_links":{"self":[{"href":"https:\/\/cineslys.com\/val\/wp-json\/wp\/v2\/tribe_events\/9183","targetHints":{"allow":["GET"]}}],"collection":[{"href":"https:\/\/cineslys.com\/val\/wp-json\/wp\/v2\/tribe_events"}],"about":[{"href":"https:\/\/cineslys.com\/val\/wp-json\/wp\/v2\/types\/tribe_events"}],"author":[{"embeddable":true,"href":"https:\/\/cineslys.com\/val\/wp-json\/wp\/v2\/users\/1"}],"version-history":[{"count":0,"href":"https:\/\/cineslys.com\/val\/wp-json\/wp\/v2\/tribe_events\/9183\/revisions"}],"wp:featuredmedia":[{"embeddable":true,"href":"https:\/\/cineslys.com\/val\/wp-json\/wp\/v2\/media\/9184"}],"wp:attachment":[{"href":"https:\/\/cineslys.com\/val\/wp-json\/wp\/v2\/media?parent=9183"}],"wp:term":[{"taxonomy":"post_tag","embeddable":true,"href":"https:\/\/cineslys.com\/val\/wp-json\/wp\/v2\/tags?post=9183"},{"taxonomy":"tribe_events_cat","embeddable":true,"href":"https:\/\/cineslys.com\/val\/wp-json\/wp\/v2\/tribe_events_cat?post=9183"}],"curies":[{"name":"wp","href":"https:\/\/api.w.org\/{rel}","templated":true}]}}

Versión Digital: La Traviata

<h3><strong>La Traviata</strong><br />
Jueves, 4 de septiembre de 2025 &#8211; 19:35h</h3>
<p><strong>Desde el Festival de Baden Baden</strong></p>
<p>La producción de La Traviata presentada en el Festspielhaus de Baden-Baden en 2015, bajo la dirección escénica de Rolando Villazón, ofreció una interpretación visualmente audaz y musicalmente refinada de la obra maestra de Verdi. Villazón trasladó la acción al universo de un circo atemporal, transformando el drama de Violetta en una parábola sobre la fugacidad del amor y la hipocresía social. El maestro español Pablo Heras-Casado dirigió a la orquesta Balthasar-Neumann-Ensemble y al Balthasar-Neumann-Chor con una lectura detallada y sensible de la partitura de Verdi. La producción recibió una gran cogida por la crítica especializa donde la propuesta escénica de Villazón fue alabada por su originalidad y simbolismo y las interpretaciones vocales, especialmente la de Peretyatko, fueron ampliamente elogiadas por su calidad y expresividad .</p>
<p><a href="https://www.reservaentradas.com/entrada/valencia/cineslys/cinema-summer-festival-la-traviata/367281/?step=2" rel="nofollow noopener" target="_blank"> <button>Reservar entradas</button></a></p>

<p>La Traviata Jueves, 4 de septiembre de 2025 &#8211; 19:35h Desde el Festival de Baden Baden La producción de La Traviata presentada en el Festspielhaus de Baden-Baden en 2015, bajo&hellip; <a class="more-link" href="https://cineslys.com/val/calendario/version-digital-la-traviata-2/">Continue reading <span class="screen-reader-text">Versión Digital: La Traviata</span></a></p>
