									
{"id":9186,"date":"2025-06-27T08:45:40","date_gmt":"2025-06-27T08:45:40","guid":{"rendered":"https:\/\/cineslys.com\/?post_type=tribe_events&#038;p=9186"},"modified":"2025-06-27T08:45:40","modified_gmt":"2025-06-27T08:45:40","slug":"version-digital-carmen-2","status":"publish","type":"tribe_events","link":"https:\/\/cineslys.com\/val\/calendario\/version-digital-carmen-2\/","title":{"rendered":"Versi\u00f3n Digital: Carmen"},"content":{"rendered":"<h3><strong>Carmen<\/strong><br \/>\nJueves, 18 de septiembre de 2025 &#8211; 19:35h<\/h3>\n<p><strong>Desde Ch\u00e2teau de Versailles<\/strong><\/p>\n<p>Carmen Georges Bizet OP\u00c9RA ROYAL, CH\u00c2TEAU DE VERSALLES Duraci\u00f3n: 170 min. Cantada en franc\u00e9s A\u00f1o de grabaci\u00f3n: 2025 Director de escena Romain Gilbert Vestuario Christian Lacroix Escenografia Antoine Fontaine Director Musical Herv\u00e9 Niquet Orchestre de l Op\u00e9ra Royal Choeur de l&#8217;Op\u00e9ra Royal Reparto Carmen Ad\u00e8le Charvet Don Jos\u00e9 Julien Behr Frasquita Gwendoline Blondeel Merc\u00e9d\u00e8s Ambroisine Br\u00e9 Le Danca\u00efre Matthieu Walendzik Le Remendado Attila Varga-T\u00f3th Zuniga Nicolas Certenais CINEMASUMMERFESTIVAL2025 O h!PERA Para celebrar el 150.\u00ba aniversario de Carmen y la muerte de su compositor, Georges Bizet, la Op\u00e9ra Royal de Versalles presenta una recreaci\u00f3n aut\u00e9ntica de la producci\u00f3n original, con vestuario de \u00e9poca dise\u00f1ado por Christian Lacroix y escenograf\u00eda basada en documentos recuperados de la Biblioteca Nacional de Francia. Herv\u00e9 Niquet dirige la Orchestre de l Op\u00e9ra Royal con instrumentos de \u00e9poca, ofreciendo una experiencia lo m\u00e1s cercana posible a su estreno. la Op\u00e9ra Royal de Versalles considerada una de las salas de espect\u00e1culos m\u00e1s grandes de Europa durante su inauguraci\u00f3n en 1770, a petici\u00f3n de Luis XV, sigue siendo admirada como uno de los grandes escenarios de lujo de Par\u00eds gracias a su suntuosa decoraci\u00f3n, de dise\u00f1o de principios de siglo. El techo de la sala es una obra de arte exquisita, similar a la que se puede ver en la Capilla Sixtin<\/p>\n<p><a href=\"https:\/\/www.reservaentradas.com\/entrada\/valencia\/cineslys\/cinema-summer-festival-carmen\/367282\/?step=2\" rel=\"nofollow noopener\" target=\"_blank\"> <button>Reservar entradas<\/button><\/a><\/p>","protected":false},"excerpt":{"rendered":"<p>Carmen Jueves, 18 de septiembre de 2025 &#8211; 19:35h Desde Ch\u00e2teau de Versailles Carmen Georges Bizet OP\u00c9RA ROYAL, CH\u00c2TEAU DE VERSALLES Duraci\u00f3n: 170 min. Cantada en franc\u00e9s A\u00f1o de grabaci\u00f3n:&hellip; <a class=\"more-link\" href=\"https:\/\/cineslys.com\/val\/calendario\/version-digital-carmen-2\/\">Continue reading <span class=\"screen-reader-text\">Versi\u00f3n Digital: Carmen<\/span><\/a><\/p>","protected":false},"author":1,"featured_media":9187,"template":"","meta":{"_tribe_events_status":"","_tribe_events_status_reason":"","footnotes":""},"tags":[],"tribe_events_cat":[24],"class_list":["post-9186","tribe_events","type-tribe_events","status-publish","has-post-thumbnail","hentry","tribe_events_cat-eventos","cat_eventos","entry"],"_links":{"self":[{"href":"https:\/\/cineslys.com\/val\/wp-json\/wp\/v2\/tribe_events\/9186","targetHints":{"allow":["GET"]}}],"collection":[{"href":"https:\/\/cineslys.com\/val\/wp-json\/wp\/v2\/tribe_events"}],"about":[{"href":"https:\/\/cineslys.com\/val\/wp-json\/wp\/v2\/types\/tribe_events"}],"author":[{"embeddable":true,"href":"https:\/\/cineslys.com\/val\/wp-json\/wp\/v2\/users\/1"}],"version-history":[{"count":0,"href":"https:\/\/cineslys.com\/val\/wp-json\/wp\/v2\/tribe_events\/9186\/revisions"}],"wp:featuredmedia":[{"embeddable":true,"href":"https:\/\/cineslys.com\/val\/wp-json\/wp\/v2\/media\/9187"}],"wp:attachment":[{"href":"https:\/\/cineslys.com\/val\/wp-json\/wp\/v2\/media?parent=9186"}],"wp:term":[{"taxonomy":"post_tag","embeddable":true,"href":"https:\/\/cineslys.com\/val\/wp-json\/wp\/v2\/tags?post=9186"},{"taxonomy":"tribe_events_cat","embeddable":true,"href":"https:\/\/cineslys.com\/val\/wp-json\/wp\/v2\/tribe_events_cat?post=9186"}],"curies":[{"name":"wp","href":"https:\/\/api.w.org\/{rel}","templated":true}]}}

Versión Digital: Carmen

<h3><strong>Carmen</strong><br />
Jueves, 18 de septiembre de 2025 &#8211; 19:35h</h3>
<p><strong>Desde Château de Versailles</strong></p>
<p>Carmen Georges Bizet OPÉRA ROYAL, CHÂTEAU DE VERSALLES Duración: 170 min. Cantada en francés Año de grabación: 2025 Director de escena Romain Gilbert Vestuario Christian Lacroix Escenografia Antoine Fontaine Director Musical Hervé Niquet Orchestre de l Opéra Royal Choeur de l&#8217;Opéra Royal Reparto Carmen Adèle Charvet Don José Julien Behr Frasquita Gwendoline Blondeel Mercédès Ambroisine Bré Le Dancaïre Matthieu Walendzik Le Remendado Attila Varga-Tóth Zuniga Nicolas Certenais CINEMASUMMERFESTIVAL2025 O h!PERA Para celebrar el 150.º aniversario de Carmen y la muerte de su compositor, Georges Bizet, la Opéra Royal de Versalles presenta una recreación auténtica de la producción original, con vestuario de época diseñado por Christian Lacroix y escenografía basada en documentos recuperados de la Biblioteca Nacional de Francia. Hervé Niquet dirige la Orchestre de l Opéra Royal con instrumentos de época, ofreciendo una experiencia lo más cercana posible a su estreno. la Opéra Royal de Versalles considerada una de las salas de espectáculos más grandes de Europa durante su inauguración en 1770, a petición de Luis XV, sigue siendo admirada como uno de los grandes escenarios de lujo de París gracias a su suntuosa decoración, de diseño de principios de siglo. El techo de la sala es una obra de arte exquisita, similar a la que se puede ver en la Capilla Sixtin</p>
<p><a href="https://www.reservaentradas.com/entrada/valencia/cineslys/cinema-summer-festival-carmen/367282/?step=2" rel="nofollow noopener" target="_blank"> <button>Reservar entradas</button></a></p>

<p>Carmen Jueves, 18 de septiembre de 2025 &#8211; 19:35h Desde Château de Versailles Carmen Georges Bizet OPÉRA ROYAL, CHÂTEAU DE VERSALLES Duración: 170 min. Cantada en francés Año de grabación:&hellip; <a class="more-link" href="https://cineslys.com/val/calendario/version-digital-carmen-2/">Continue reading <span class="screen-reader-text">Versión Digital: Carmen</span></a></p>
