									
{"id":9280,"date":"2025-07-09T07:40:39","date_gmt":"2025-07-09T07:40:39","guid":{"rendered":"https:\/\/cineslys.com\/?post_type=tribe_events&#038;p=9280"},"modified":"2025-07-09T07:40:40","modified_gmt":"2025-07-09T07:40:40","slug":"cita-a-ciegas-con-el-cine-15-de-julio","status":"publish","type":"tribe_events","link":"https:\/\/cineslys.com\/val\/calendario\/cita-a-ciegas-con-el-cine-15-de-julio\/","title":{"rendered":"Cita a Ciegas con el Cine: 15 de julio"},"content":{"rendered":"<h3><b>Cita a Ciegas con el Cine: 15 de julio<\/b><\/h3>\n<h6><a href=\"https:\/\/forms.gle\/CLX2ttBQPB1eZGZ36\" rel=\"nofollow noopener\" target=\"_blank\"><span style=\"color: #de0000;\">\u00danete a nuestra Newsletter de Cita a Ciegas y participa en las porras semanales<\/span><\/a><\/h6>\n<p>El martes pasado, tuvimos un preestreno de <strong>La mercanc\u00eda m\u00e1s preciosa<\/strong>, pel\u00edcula de animaci\u00f3n ambientada en la Segunda Guerra Mundial.<\/p>\n<p>Trata temas como la solidaridad, esperanza y la lucha por la supervivencia durante el Holocausto.<\/p>\n<p>Dirigida por Michel Hazanavicius, de la novela de Jean-Claude Grumberg<\/p>\n<p><strong>Estreno 11 de julio.<\/strong><\/p>\n<p><strong>Sinopsis:<\/strong> Durante la Segunda Guerra Mundial, una familia jud\u00eda es deportada a Auschwitz. En el tren hacia el campo de concentraci\u00f3n , en un gesto desesperado, el padre arroja a una de sus hijas a la nieve, donde es rescatada por una humilde pareja de le\u00f1adores. Al adoptar a \u201cla mercanc\u00eda m\u00e1s preciosa\u201d, sus vidas -y las de aquellos que les rodean- cambiar\u00e1n para siempre.<\/p>\n<p>\u00bfQu\u00e9 pel\u00edcula ser\u00e1 la del martes 15 de julio? Prueba Cita a Ciegas por 5\u20ac y d\u00e9jate sorprender.<\/p>\n<p><strong><a href=\"https:\/\/cineslys.com\/val\/socios\/\">Hazte socio de Cines Lys gratuitamente\u00a0<\/a><\/strong><\/p>\n<p><a href=\"https:\/\/www.reservaentradas.com\/entrada\/valencia\/cineslys\/cita-a-ciegas-con-el-cine\/367621\/?step=2\" rel=\"nofollow noopener\" target=\"_blank\"> <button>Reserva tu entrada<\/button> <\/a><\/p>","protected":false},"excerpt":{"rendered":"<p>Cita a Ciegas con el Cine: 15 de julio \u00danete a nuestra Newsletter de Cita a Ciegas y participa en las porras semanales El martes pasado, tuvimos un preestreno de&hellip; <a class=\"more-link\" href=\"https:\/\/cineslys.com\/val\/calendario\/cita-a-ciegas-con-el-cine-15-de-julio\/\">Continue reading <span class=\"screen-reader-text\">Cita a Ciegas con el Cine: 15 de julio<\/span><\/a><\/p>","protected":false},"author":1,"featured_media":9281,"template":"","meta":{"_tribe_events_status":"","_tribe_events_status_reason":"","footnotes":""},"tags":[],"tribe_events_cat":[16],"class_list":["post-9280","tribe_events","type-tribe_events","status-publish","has-post-thumbnail","hentry","tribe_events_cat-cita-a-ciegas","cat_cita-a-ciegas","entry"],"_links":{"self":[{"href":"https:\/\/cineslys.com\/val\/wp-json\/wp\/v2\/tribe_events\/9280","targetHints":{"allow":["GET"]}}],"collection":[{"href":"https:\/\/cineslys.com\/val\/wp-json\/wp\/v2\/tribe_events"}],"about":[{"href":"https:\/\/cineslys.com\/val\/wp-json\/wp\/v2\/types\/tribe_events"}],"author":[{"embeddable":true,"href":"https:\/\/cineslys.com\/val\/wp-json\/wp\/v2\/users\/1"}],"version-history":[{"count":0,"href":"https:\/\/cineslys.com\/val\/wp-json\/wp\/v2\/tribe_events\/9280\/revisions"}],"wp:featuredmedia":[{"embeddable":true,"href":"https:\/\/cineslys.com\/val\/wp-json\/wp\/v2\/media\/9281"}],"wp:attachment":[{"href":"https:\/\/cineslys.com\/val\/wp-json\/wp\/v2\/media?parent=9280"}],"wp:term":[{"taxonomy":"post_tag","embeddable":true,"href":"https:\/\/cineslys.com\/val\/wp-json\/wp\/v2\/tags?post=9280"},{"taxonomy":"tribe_events_cat","embeddable":true,"href":"https:\/\/cineslys.com\/val\/wp-json\/wp\/v2\/tribe_events_cat?post=9280"}],"curies":[{"name":"wp","href":"https:\/\/api.w.org\/{rel}","templated":true}]}}

<h3><b>Cita a Ciegas con el Cine: 15 de julio</b></h3>
<h6><a href="https://forms.gle/CLX2ttBQPB1eZGZ36" rel="nofollow noopener" target="_blank"><span style="color: #de0000;">Únete a nuestra Newsletter de Cita a Ciegas y participa en las porras semanales</span></a></h6>
<p>El martes pasado, tuvimos un preestreno de <strong>La mercancía más preciosa</strong>, película de animación ambientada en la Segunda Guerra Mundial.</p>
<p>Trata temas como la solidaridad, esperanza y la lucha por la supervivencia durante el Holocausto.</p>
<p>Dirigida por Michel Hazanavicius, de la novela de Jean-Claude Grumberg</p>
<p><strong>Estreno 11 de julio.</strong></p>
<p><strong>Sinopsis:</strong> Durante la Segunda Guerra Mundial, una familia judía es deportada a Auschwitz. En el tren hacia el campo de concentración , en un gesto desesperado, el padre arroja a una de sus hijas a la nieve, donde es rescatada por una humilde pareja de leñadores. Al adoptar a “la mercancía más preciosa”, sus vidas -y las de aquellos que les rodean- cambiarán para siempre.</p>
<p>¿Qué película será la del martes 15 de julio? Prueba Cita a Ciegas por 5€ y déjate sorprender.</p>
<p><strong><a href="https://cineslys.com/val/socios/">Hazte socio de Cines Lys gratuitamente </a></strong></p>
<p><a href="https://www.reservaentradas.com/entrada/valencia/cineslys/cita-a-ciegas-con-el-cine/367621/?step=2" rel="nofollow noopener" target="_blank"> <button>Reserva tu entrada</button> </a></p>

<p>Cita a Ciegas con el Cine: 15 de julio Únete a nuestra Newsletter de Cita a Ciegas y participa en las porras semanales El martes pasado, tuvimos un preestreno de&hellip; <a class="more-link" href="https://cineslys.com/val/calendario/cita-a-ciegas-con-el-cine-15-de-julio/">Continue reading <span class="screen-reader-text">Cita a Ciegas con el Cine: 15 de julio</span></a></p>
