									
{"id":9434,"date":"2025-07-24T09:33:35","date_gmt":"2025-07-24T09:33:35","guid":{"rendered":"https:\/\/cineslys.com\/?post_type=tribe_events&#038;p=9434"},"modified":"2025-07-29T09:56:17","modified_gmt":"2025-07-29T09:56:17","slug":"20o-aniversario-harry-potter-y-el-caliz-de-fuego","status":"publish","type":"tribe_events","link":"https:\/\/cineslys.com\/val\/calendario\/20o-aniversario-harry-potter-y-el-caliz-de-fuego\/","title":{"rendered":"20\u00ba aniversario: Harry Potter y El C\u00e1liz de Fuego"},"content":{"rendered":"<h3><strong>20\u00ba aniversario: Harry Potter y El C\u00e1liz de Fuego<\/strong><\/h3>\n<h3>Domingo, 31 de agosto &#8211; 17:00h<\/h3>\n<p>Este a\u00f1o se cumplen veinte a\u00f1os del estreno de Harry Potter y el C\u00e1liz de Fuego y lo celebramos a lo grande con un reestreno muy especial. Coincidiendo con el Back to Hogwarts Day (1 de septiembre) que marca el regreso a Hogwarts y al universo creado por J.K. Rowling.<\/p>\n<p>Dirigida por Mike Newell y estrenada originalmente en 2005, adapt\u00f3 el cuarto libro de J.K. Rowling y marc\u00f3 un cambio de tono hacia historias m\u00e1s maduras dentro del universo de Hogwarts.<\/p>\n<p><strong>Sinopsis: <\/strong> La cuarta parte de la serie del ni\u00f1o mago comienza con la Copa Internacional de Quidditch. Cuenta tambi\u00e9n el inicio de la atracci\u00f3n por Cho Chang y otro a\u00f1o de magia, en el que una gran sorpresa obligar\u00e1 a Harry a enfrentarse a muchos desaf\u00edos temibles. Tambi\u00e9n habr\u00e1 un torneo de magia para tres escuelas, y el temido regreso de \u00abAquel-que-no-debe-ser-nombrado\u00bb.<\/p>\n<p><a href=\"https:\/\/www.reservaentradas.com\/sesiones\/valencia\/cineslys\/harry-potter-y-el-caliz-de-fuego-20-ordm-aniversario\/6746?proximamente=true&amp;\" rel=\"nofollow noopener\" target=\"_blank\"><strong>Reservar entradas para Harry Potter y el C\u00e1liz de Fuego<\/strong><\/a><\/p>\n<p><iframe title=\"Harry Potter y el C\u00e1liz de fuego | Trailer | HBO Max\" width=\"750\" height=\"422\" src=\"https:\/\/www.youtube.com\/embed\/wX5dWfUKGPg?feature=oembed\" frameborder=\"0\" allow=\"accelerometer; autoplay; clipboard-write; encrypted-media; gyroscope; picture-in-picture; web-share\" referrerpolicy=\"strict-origin-when-cross-origin\" allowfullscreen><\/iframe><\/p>","protected":false},"excerpt":{"rendered":"<p>20\u00ba aniversario: Harry Potter y El C\u00e1liz de Fuego Domingo, 31 de agosto &#8211; 17:00h Este a\u00f1o se cumplen veinte a\u00f1os del estreno de Harry Potter y el C\u00e1liz de&hellip; <a class=\"more-link\" href=\"https:\/\/cineslys.com\/val\/calendario\/20o-aniversario-harry-potter-y-el-caliz-de-fuego\/\">Continue reading <span class=\"screen-reader-text\">20\u00ba aniversario: Harry Potter y El C\u00e1liz de Fuego<\/span><\/a><\/p>","protected":false},"author":1,"featured_media":9463,"template":"","meta":{"_tribe_events_status":"","_tribe_events_status_reason":"","footnotes":""},"tags":[],"tribe_events_cat":[24],"class_list":["post-9434","tribe_events","type-tribe_events","status-publish","has-post-thumbnail","hentry","tribe_events_cat-eventos","cat_eventos","entry"],"_links":{"self":[{"href":"https:\/\/cineslys.com\/val\/wp-json\/wp\/v2\/tribe_events\/9434","targetHints":{"allow":["GET"]}}],"collection":[{"href":"https:\/\/cineslys.com\/val\/wp-json\/wp\/v2\/tribe_events"}],"about":[{"href":"https:\/\/cineslys.com\/val\/wp-json\/wp\/v2\/types\/tribe_events"}],"author":[{"embeddable":true,"href":"https:\/\/cineslys.com\/val\/wp-json\/wp\/v2\/users\/1"}],"version-history":[{"count":0,"href":"https:\/\/cineslys.com\/val\/wp-json\/wp\/v2\/tribe_events\/9434\/revisions"}],"wp:featuredmedia":[{"embeddable":true,"href":"https:\/\/cineslys.com\/val\/wp-json\/wp\/v2\/media\/9463"}],"wp:attachment":[{"href":"https:\/\/cineslys.com\/val\/wp-json\/wp\/v2\/media?parent=9434"}],"wp:term":[{"taxonomy":"post_tag","embeddable":true,"href":"https:\/\/cineslys.com\/val\/wp-json\/wp\/v2\/tags?post=9434"},{"taxonomy":"tribe_events_cat","embeddable":true,"href":"https:\/\/cineslys.com\/val\/wp-json\/wp\/v2\/tribe_events_cat?post=9434"}],"curies":[{"name":"wp","href":"https:\/\/api.w.org\/{rel}","templated":true}]}}

20º aniversario: Harry Potter y El Cáliz de Fuego

<h3><strong>20º aniversario: Harry Potter y El Cáliz de Fuego</strong></h3>
<h3>Domingo, 31 de agosto &#8211; 17:00h</h3>
<p>Este año se cumplen veinte años del estreno de Harry Potter y el Cáliz de Fuego y lo celebramos a lo grande con un reestreno muy especial. Coincidiendo con el Back to Hogwarts Day (1 de septiembre) que marca el regreso a Hogwarts y al universo creado por J.K. Rowling.</p>
<p>Dirigida por Mike Newell y estrenada originalmente en 2005, adaptó el cuarto libro de J.K. Rowling y marcó un cambio de tono hacia historias más maduras dentro del universo de Hogwarts.</p>
<p><strong>Sinopsis: </strong> La cuarta parte de la serie del niño mago comienza con la Copa Internacional de Quidditch. Cuenta también el inicio de la atracción por Cho Chang y otro año de magia, en el que una gran sorpresa obligará a Harry a enfrentarse a muchos desafíos temibles. También habrá un torneo de magia para tres escuelas, y el temido regreso de «Aquel-que-no-debe-ser-nombrado».</p>
<p><a href="https://www.reservaentradas.com/sesiones/valencia/cineslys/harry-potter-y-el-caliz-de-fuego-20-ordm-aniversario/6746?proximamente=true&amp;" rel="nofollow noopener" target="_blank"><strong>Reservar entradas para Harry Potter y el Cáliz de Fuego</strong></a></p>
<p><iframe title="Harry Potter y el Cáliz de fuego | Trailer | HBO Max" width="750" height="422" src="https://www.youtube.com/embed/wX5dWfUKGPg?feature=oembed" frameborder="0" allow="accelerometer; autoplay; clipboard-write; encrypted-media; gyroscope; picture-in-picture; web-share" referrerpolicy="strict-origin-when-cross-origin" allowfullscreen></iframe></p>

<p>20º aniversario: Harry Potter y El Cáliz de Fuego Domingo, 31 de agosto &#8211; 17:00h Este año se cumplen veinte años del estreno de Harry Potter y el Cáliz de&hellip; <a class="more-link" href="https://cineslys.com/val/calendario/20o-aniversario-harry-potter-y-el-caliz-de-fuego/">Continue reading <span class="screen-reader-text">20º aniversario: Harry Potter y El Cáliz de Fuego</span></a></p>
