									
{"id":9467,"date":"2025-07-30T07:15:23","date_gmt":"2025-07-30T07:15:23","guid":{"rendered":"https:\/\/cineslys.com\/?post_type=tribe_events&#038;p=9467"},"modified":"2025-07-30T07:15:23","modified_gmt":"2025-07-30T07:15:23","slug":"cita-a-ciegas-con-el-cine-2-de-septiembre","status":"publish","type":"tribe_events","link":"https:\/\/cineslys.com\/val\/calendario\/cita-a-ciegas-con-el-cine-2-de-septiembre\/","title":{"rendered":"Cita a Ciegas con el Cine: 2 de septiembre"},"content":{"rendered":"<h3><b>Cita a Ciegas con el Cine: 2 de septiembre<\/b><\/h3>\n<h6><a href=\"https:\/\/forms.gle\/CLX2ttBQPB1eZGZ36\" rel=\"nofollow noopener\" target=\"_blank\"><span style=\"color: #de0000;\">\u00danete a nuestra Newsletter de Cita a Ciegas y participa en las porras semanales<\/span><\/a><\/h6>\n<p>En el \u00faltimo martes de la temporada, tuvimos el preestreno de <strong>Misterioso asesinato en la monta\u00f1a<\/strong>, un thriller dirigido y protagonizado por Franck Dubosc.<\/p>\n<p>Estreno viernes 1 de agosto.<\/p>\n<p><strong>Sinopsis:<\/strong> Michel y Cathy, vendedores de \u00e1rboles de Navidad, viven en un peque\u00f1o pueblo del Jura con su hijo de 12 a\u00f1os, Doudou, un ni\u00f1o con un comportamiento dif\u00edcil. Ahogados por las deudas y otros problemas econ\u00f3micos, la pareja se deteriora poco a poco. Hasta que un d\u00eda, al volver a casa, Michel evita por poco atropellar a un oso en la carretera; su coche termina chocando con otro, matando en el acto a sus dos ocupantes. Tras informar a Cathy, ambos deciden deshacerse de los cuerpos. Pero al hacerlo, descubren en el maletero un bolso lleno de dinero, que calculan en m\u00e1s de dos millones de euros. Para evitar las sospechas, est\u00e1n dispuestos a aceptar las ideas m\u00e1s descabelladas, sin saber siquiera en qu\u00e9 absurdo desembocar\u00e1n.<\/p>\n<p><strong>Tras agosto, regresaremos el 2 de septiembre! <\/strong>Prueba Cita a Ciegas por 5\u20ac y d\u00e9jate sorprender.<\/p>\n<p><strong><a href=\"https:\/\/cineslys.com\/val\/socios\/\">Hazte socio de Cines Lys gratuitamente\u00a0<\/a><\/strong><\/p>\n<p><a href=\"https:\/\/www.reservaentradas.com\/entrada\/valencia\/cineslys\/cita-a-ciegas-con-el-cine\/368856\/?step=2\" rel=\"nofollow noopener\" target=\"_blank\"> <button>Reserva tu entrada<\/button> <\/a><\/p>","protected":false},"excerpt":{"rendered":"<p>Cita a Ciegas con el Cine: 2 de septiembre \u00danete a nuestra Newsletter de Cita a Ciegas y participa en las porras semanales En el \u00faltimo martes de la temporada,&hellip; <a class=\"more-link\" href=\"https:\/\/cineslys.com\/val\/calendario\/cita-a-ciegas-con-el-cine-2-de-septiembre\/\">Continue reading <span class=\"screen-reader-text\">Cita a Ciegas con el Cine: 2 de septiembre<\/span><\/a><\/p>","protected":false},"author":1,"featured_media":9468,"template":"","meta":{"_tribe_events_status":"","_tribe_events_status_reason":"","footnotes":""},"tags":[],"tribe_events_cat":[16],"class_list":["post-9467","tribe_events","type-tribe_events","status-publish","has-post-thumbnail","hentry","tribe_events_cat-cita-a-ciegas","cat_cita-a-ciegas","entry"],"_links":{"self":[{"href":"https:\/\/cineslys.com\/val\/wp-json\/wp\/v2\/tribe_events\/9467","targetHints":{"allow":["GET"]}}],"collection":[{"href":"https:\/\/cineslys.com\/val\/wp-json\/wp\/v2\/tribe_events"}],"about":[{"href":"https:\/\/cineslys.com\/val\/wp-json\/wp\/v2\/types\/tribe_events"}],"author":[{"embeddable":true,"href":"https:\/\/cineslys.com\/val\/wp-json\/wp\/v2\/users\/1"}],"version-history":[{"count":0,"href":"https:\/\/cineslys.com\/val\/wp-json\/wp\/v2\/tribe_events\/9467\/revisions"}],"wp:featuredmedia":[{"embeddable":true,"href":"https:\/\/cineslys.com\/val\/wp-json\/wp\/v2\/media\/9468"}],"wp:attachment":[{"href":"https:\/\/cineslys.com\/val\/wp-json\/wp\/v2\/media?parent=9467"}],"wp:term":[{"taxonomy":"post_tag","embeddable":true,"href":"https:\/\/cineslys.com\/val\/wp-json\/wp\/v2\/tags?post=9467"},{"taxonomy":"tribe_events_cat","embeddable":true,"href":"https:\/\/cineslys.com\/val\/wp-json\/wp\/v2\/tribe_events_cat?post=9467"}],"curies":[{"name":"wp","href":"https:\/\/api.w.org\/{rel}","templated":true}]}}

<h3><b>Cita a Ciegas con el Cine: 2 de septiembre</b></h3>
<h6><a href="https://forms.gle/CLX2ttBQPB1eZGZ36" rel="nofollow noopener" target="_blank"><span style="color: #de0000;">Únete a nuestra Newsletter de Cita a Ciegas y participa en las porras semanales</span></a></h6>
<p>En el último martes de la temporada, tuvimos el preestreno de <strong>Misterioso asesinato en la montaña</strong>, un thriller dirigido y protagonizado por Franck Dubosc.</p>
<p>Estreno viernes 1 de agosto.</p>
<p><strong>Sinopsis:</strong> Michel y Cathy, vendedores de árboles de Navidad, viven en un pequeño pueblo del Jura con su hijo de 12 años, Doudou, un niño con un comportamiento difícil. Ahogados por las deudas y otros problemas económicos, la pareja se deteriora poco a poco. Hasta que un día, al volver a casa, Michel evita por poco atropellar a un oso en la carretera; su coche termina chocando con otro, matando en el acto a sus dos ocupantes. Tras informar a Cathy, ambos deciden deshacerse de los cuerpos. Pero al hacerlo, descubren en el maletero un bolso lleno de dinero, que calculan en más de dos millones de euros. Para evitar las sospechas, están dispuestos a aceptar las ideas más descabelladas, sin saber siquiera en qué absurdo desembocarán.</p>
<p><strong>Tras agosto, regresaremos el 2 de septiembre! </strong>Prueba Cita a Ciegas por 5€ y déjate sorprender.</p>
<p><strong><a href="https://cineslys.com/val/socios/">Hazte socio de Cines Lys gratuitamente </a></strong></p>
<p><a href="https://www.reservaentradas.com/entrada/valencia/cineslys/cita-a-ciegas-con-el-cine/368856/?step=2" rel="nofollow noopener" target="_blank"> <button>Reserva tu entrada</button> </a></p>

<p>Cita a Ciegas con el Cine: 2 de septiembre Únete a nuestra Newsletter de Cita a Ciegas y participa en las porras semanales En el último martes de la temporada,&hellip; <a class="more-link" href="https://cineslys.com/val/calendario/cita-a-ciegas-con-el-cine-2-de-septiembre/">Continue reading <span class="screen-reader-text">Cita a Ciegas con el Cine: 2 de septiembre</span></a></p>
