									
{"id":9591,"date":"2025-08-08T11:41:53","date_gmt":"2025-08-08T11:41:53","guid":{"rendered":"https:\/\/cineslys.com\/?post_type=tribe_events&#038;p=9591"},"modified":"2025-10-31T12:10:10","modified_gmt":"2025-10-31T12:10:10","slug":"terrorificamente-lys-preestreno-la-larga-marcha","status":"publish","type":"tribe_events","link":"https:\/\/cineslys.com\/val\/calendario\/terrorificamente-lys-preestreno-la-larga-marcha\/","title":{"rendered":"Terror\u00edficamente Lys: Preestreno La larga marcha"},"content":{"rendered":"<p><span style=\"color: #ff0000;\"><strong><a style=\"color: #ff0000;\" href=\"https:\/\/forms.gle\/s2h5H8jFnPMt66U99\" rel=\"nofollow noopener\" target=\"_blank\">\u00danete a nuestra terror\u00edfica familia y participa en sorteos especiales<\/a><\/strong><\/span><\/p>\n<p data-start=\"388\" data-end=\"704\">Para noviembre tendremos el pase especial de la pel\u00edcula \u00abLa Larga Marcha\u00bb del director Francis Lawrence, y que se basa en la novela de Stephen King \u00a1Que ganas!<\/p>\n<p data-start=\"729\" data-end=\"1054\"><strong>Sinopsis: <\/strong>En un futuro dist\u00f3pico, cien adolescentes participan en una brutal competici\u00f3n conocida como \u00abLa larga marcha\u00bb, donde deben caminar sin descanso: si se detienen o reducen la velocidad de la marcha, mueren. Solo uno sobrevivir\u00e1. Adaptaci\u00f3n cinematogr\u00e1fica de la novela de Stephen King.<\/p>\n<p data-start=\"388\" data-end=\"704\"><a href=\"https:\/\/www.reservaentradas.com\/cine\/valencia\/cineslys?#registro\" rel=\"nofollow noopener\" target=\"_blank\"><span style=\"color: #ff0000;\"><strong>Hazte socio de Cines Lys y compra tu entrada por 5,50\u20ac<\/strong><\/span><\/a><\/p>\n<p><a href=\"https:\/\/www.reservaentradas.com\/entrada\/valencia\/cineslys\/terrorificamente-lys-la-larga-marcha\/369262\/?step=2\" rel=\"nofollow noopener\" target=\"_blank\"><button>Reserva tu entrada<\/button><\/a><\/p>\n<p><iframe title=\"La Larga Marcha - Tr\u00e1iler Oficial en Espa\u00f1ol\" width=\"750\" height=\"422\" src=\"https:\/\/www.youtube.com\/embed\/P3vpkl9mXns?start=3&#038;feature=oembed\" frameborder=\"0\" allow=\"accelerometer; autoplay; clipboard-write; encrypted-media; gyroscope; picture-in-picture; web-share\" referrerpolicy=\"strict-origin-when-cross-origin\" allowfullscreen><\/iframe><\/p>","protected":false},"excerpt":{"rendered":"<p>\u00danete a nuestra terror\u00edfica familia y participa en sorteos especiales Para noviembre tendremos el pase especial de la pel\u00edcula \u00abLa Larga Marcha\u00bb del director Francis Lawrence, y que se basa&hellip; <a class=\"more-link\" href=\"https:\/\/cineslys.com\/val\/calendario\/terrorificamente-lys-preestreno-la-larga-marcha\/\">Continue reading <span class=\"screen-reader-text\">Terror\u00edficamente Lys: Preestreno La larga marcha<\/span><\/a><\/p>","protected":false},"author":1,"featured_media":10282,"template":"","meta":{"_tribe_events_status":"","_tribe_events_status_reason":"","footnotes":""},"tags":[],"tribe_events_cat":[73],"class_list":["post-9591","tribe_events","type-tribe_events","status-publish","has-post-thumbnail","hentry","tribe_events_cat-terrorificamente-lys","cat_terrorificamente-lys","entry"],"_links":{"self":[{"href":"https:\/\/cineslys.com\/val\/wp-json\/wp\/v2\/tribe_events\/9591","targetHints":{"allow":["GET"]}}],"collection":[{"href":"https:\/\/cineslys.com\/val\/wp-json\/wp\/v2\/tribe_events"}],"about":[{"href":"https:\/\/cineslys.com\/val\/wp-json\/wp\/v2\/types\/tribe_events"}],"author":[{"embeddable":true,"href":"https:\/\/cineslys.com\/val\/wp-json\/wp\/v2\/users\/1"}],"version-history":[{"count":0,"href":"https:\/\/cineslys.com\/val\/wp-json\/wp\/v2\/tribe_events\/9591\/revisions"}],"wp:featuredmedia":[{"embeddable":true,"href":"https:\/\/cineslys.com\/val\/wp-json\/wp\/v2\/media\/10282"}],"wp:attachment":[{"href":"https:\/\/cineslys.com\/val\/wp-json\/wp\/v2\/media?parent=9591"}],"wp:term":[{"taxonomy":"post_tag","embeddable":true,"href":"https:\/\/cineslys.com\/val\/wp-json\/wp\/v2\/tags?post=9591"},{"taxonomy":"tribe_events_cat","embeddable":true,"href":"https:\/\/cineslys.com\/val\/wp-json\/wp\/v2\/tribe_events_cat?post=9591"}],"curies":[{"name":"wp","href":"https:\/\/api.w.org\/{rel}","templated":true}]}}

Terroríficamente Lys: Preestreno La larga marcha

<p><span style="color: #ff0000;"><strong><a style="color: #ff0000;" href="https://forms.gle/s2h5H8jFnPMt66U99" rel="nofollow noopener" target="_blank">Únete a nuestra terrorífica familia y participa en sorteos especiales</a></strong></span></p>
<p data-start="388" data-end="704">Para noviembre tendremos el pase especial de la película «La Larga Marcha» del director Francis Lawrence, y que se basa en la novela de Stephen King ¡Que ganas!</p>
<p data-start="729" data-end="1054"><strong>Sinopsis: </strong>En un futuro distópico, cien adolescentes participan en una brutal competición conocida como «La larga marcha», donde deben caminar sin descanso: si se detienen o reducen la velocidad de la marcha, mueren. Solo uno sobrevivirá. Adaptación cinematográfica de la novela de Stephen King.</p>
<p data-start="388" data-end="704"><a href="https://www.reservaentradas.com/cine/valencia/cineslys?#registro" rel="nofollow noopener" target="_blank"><span style="color: #ff0000;"><strong>Hazte socio de Cines Lys y compra tu entrada por 5,50€</strong></span></a></p>
<p><a href="https://www.reservaentradas.com/entrada/valencia/cineslys/terrorificamente-lys-la-larga-marcha/369262/?step=2" rel="nofollow noopener" target="_blank"><button>Reserva tu entrada</button></a></p>
<p><iframe title="La Larga Marcha - Tráiler Oficial en Español" width="750" height="422" src="https://www.youtube.com/embed/P3vpkl9mXns?start=3&#038;feature=oembed" frameborder="0" allow="accelerometer; autoplay; clipboard-write; encrypted-media; gyroscope; picture-in-picture; web-share" referrerpolicy="strict-origin-when-cross-origin" allowfullscreen></iframe></p>

<p>Únete a nuestra terrorífica familia y participa en sorteos especiales Para noviembre tendremos el pase especial de la película «La Larga Marcha» del director Francis Lawrence, y que se basa&hellip; <a class="more-link" href="https://cineslys.com/val/calendario/terrorificamente-lys-preestreno-la-larga-marcha/">Continue reading <span class="screen-reader-text">Terroríficamente Lys: Preestreno La larga marcha</span></a></p>
