									
{"id":9600,"date":"2025-08-08T18:12:14","date_gmt":"2025-08-08T18:12:14","guid":{"rendered":"https:\/\/cineslys.com\/?post_type=tribe_events&#038;p=9600"},"modified":"2025-08-08T18:12:15","modified_gmt":"2025-08-08T18:12:15","slug":"terrorificamente-lys-aniversario-el-dia-de-la-bestia-en-4k","status":"publish","type":"tribe_events","link":"https:\/\/cineslys.com\/val\/calendario\/terrorificamente-lys-aniversario-el-dia-de-la-bestia-en-4k\/","title":{"rendered":"Terror\u00edficamente Lys: Aniversario \u00abEl d\u00eda de la bestia\u00bb en 4K"},"content":{"rendered":"<p><span style=\"color: #ff0000;\"><strong><a style=\"color: #ff0000;\" href=\"https:\/\/forms.gle\/s2h5H8jFnPMt66U99\" rel=\"nofollow noopener\" target=\"_blank\">\u00danete a nuestra terror\u00edfica familia y participa en sorteos especiales<\/a><\/strong><\/span><\/p>\n<p data-start=\"388\" data-end=\"704\">El 20 de octubre de 1995 Alex de la Iglesia estren\u00f3 en Cines \u00abEl d\u00eda de la bestia\u00bb. 30 a\u00f1os despu\u00e9s vuelve a la gran pantalla de los Cines Lys para recordar una de las pel\u00edculas de culto del cine espa\u00f1ol de los 90. Si la has visto, podr\u00e1s verla en calidad 4K. Si no la has visto&#8230; perfecta la ocasi\u00f3n.<\/p>\n<p data-start=\"729\" data-end=\"1054\"><strong>Sinopsis:<\/strong> Un sacerdote cree haber descifrado el mensaje secreto del Apocalipsis seg\u00fan San Juan: el Anticristo nacer\u00e1 el 25 de diciembre de 1995 en Madrid. Para impedir el nacimiento del hijo de Satan\u00e1s, el cura se al\u00eda con Jos\u00e9 Mar\u00eda, un joven aficionado al death metal. Ambos intentan averiguar en qu\u00e9 parte de Madrid tendr\u00e1 lugar el apocal\u00edptico acontecimiento. Con la ayuda del profesor Cavan, presentador de un programa de televisi\u00f3n de car\u00e1cter esot\u00e9rico y sobrenatural, el cura y Jos\u00e9 Mari invocan al diablo en una extra\u00f1a ceremonia.<\/p>\n<p data-start=\"388\" data-end=\"704\"><a href=\"https:\/\/www.reservaentradas.com\/cine\/valencia\/cineslys?#registro\" rel=\"nofollow noopener\" target=\"_blank\"><span style=\"color: #ff0000;\"><strong>Hazte socio de Cines Lys y compra tu entrada por 5,50\u20ac<\/strong><\/span><\/a><\/p>\n<p><a href=\"https:\/\/www.reservaentradas.com\/entrada\/valencia\/cineslys\/terrorificamente-lys-el-dia-de-la-bestia-4k\/369263\/?step=2\" rel=\"nofollow noopener\" target=\"_blank\"><button>Reserva tu entrada<\/button><\/a><\/p>\n<p><iframe title=\"Trailer oficial &quot;El Dia de la Bestia 4K&quot; Reestreno en cines 15 octubre 2021\" width=\"750\" height=\"422\" src=\"https:\/\/www.youtube.com\/embed\/_sOQnTw2K4E?feature=oembed\" frameborder=\"0\" allow=\"accelerometer; autoplay; clipboard-write; encrypted-media; gyroscope; picture-in-picture; web-share\" referrerpolicy=\"strict-origin-when-cross-origin\" allowfullscreen><\/iframe><\/p>","protected":false},"excerpt":{"rendered":"<p>\u00danete a nuestra terror\u00edfica familia y participa en sorteos especiales El 20 de octubre de 1995 Alex de la Iglesia estren\u00f3 en Cines \u00abEl d\u00eda de la bestia\u00bb. 30 a\u00f1os&hellip; <a class=\"more-link\" href=\"https:\/\/cineslys.com\/val\/calendario\/terrorificamente-lys-aniversario-el-dia-de-la-bestia-en-4k\/\">Continue reading <span class=\"screen-reader-text\">Terror\u00edficamente Lys: Aniversario \u00abEl d\u00eda de la bestia\u00bb en 4K<\/span><\/a><\/p>","protected":false},"author":1,"featured_media":9601,"template":"","meta":{"_tribe_events_status":"","_tribe_events_status_reason":"","footnotes":""},"tags":[],"tribe_events_cat":[73],"class_list":["post-9600","tribe_events","type-tribe_events","status-publish","has-post-thumbnail","hentry","tribe_events_cat-terrorificamente-lys","cat_terrorificamente-lys","entry"],"_links":{"self":[{"href":"https:\/\/cineslys.com\/val\/wp-json\/wp\/v2\/tribe_events\/9600","targetHints":{"allow":["GET"]}}],"collection":[{"href":"https:\/\/cineslys.com\/val\/wp-json\/wp\/v2\/tribe_events"}],"about":[{"href":"https:\/\/cineslys.com\/val\/wp-json\/wp\/v2\/types\/tribe_events"}],"author":[{"embeddable":true,"href":"https:\/\/cineslys.com\/val\/wp-json\/wp\/v2\/users\/1"}],"version-history":[{"count":0,"href":"https:\/\/cineslys.com\/val\/wp-json\/wp\/v2\/tribe_events\/9600\/revisions"}],"wp:featuredmedia":[{"embeddable":true,"href":"https:\/\/cineslys.com\/val\/wp-json\/wp\/v2\/media\/9601"}],"wp:attachment":[{"href":"https:\/\/cineslys.com\/val\/wp-json\/wp\/v2\/media?parent=9600"}],"wp:term":[{"taxonomy":"post_tag","embeddable":true,"href":"https:\/\/cineslys.com\/val\/wp-json\/wp\/v2\/tags?post=9600"},{"taxonomy":"tribe_events_cat","embeddable":true,"href":"https:\/\/cineslys.com\/val\/wp-json\/wp\/v2\/tribe_events_cat?post=9600"}],"curies":[{"name":"wp","href":"https:\/\/api.w.org\/{rel}","templated":true}]}}

Terroríficamente Lys: Aniversario «El día de la bestia» en 4K

<p><span style="color: #ff0000;"><strong><a style="color: #ff0000;" href="https://forms.gle/s2h5H8jFnPMt66U99" rel="nofollow noopener" target="_blank">Únete a nuestra terrorífica familia y participa en sorteos especiales</a></strong></span></p>
<p data-start="388" data-end="704">El 20 de octubre de 1995 Alex de la Iglesia estrenó en Cines «El día de la bestia». 30 años después vuelve a la gran pantalla de los Cines Lys para recordar una de las películas de culto del cine español de los 90. Si la has visto, podrás verla en calidad 4K. Si no la has visto&#8230; perfecta la ocasión.</p>
<p data-start="729" data-end="1054"><strong>Sinopsis:</strong> Un sacerdote cree haber descifrado el mensaje secreto del Apocalipsis según San Juan: el Anticristo nacerá el 25 de diciembre de 1995 en Madrid. Para impedir el nacimiento del hijo de Satanás, el cura se alía con José María, un joven aficionado al death metal. Ambos intentan averiguar en qué parte de Madrid tendrá lugar el apocalíptico acontecimiento. Con la ayuda del profesor Cavan, presentador de un programa de televisión de carácter esotérico y sobrenatural, el cura y José Mari invocan al diablo en una extraña ceremonia.</p>
<p data-start="388" data-end="704"><a href="https://www.reservaentradas.com/cine/valencia/cineslys?#registro" rel="nofollow noopener" target="_blank"><span style="color: #ff0000;"><strong>Hazte socio de Cines Lys y compra tu entrada por 5,50€</strong></span></a></p>
<p><a href="https://www.reservaentradas.com/entrada/valencia/cineslys/terrorificamente-lys-el-dia-de-la-bestia-4k/369263/?step=2" rel="nofollow noopener" target="_blank"><button>Reserva tu entrada</button></a></p>
<p><iframe title="Trailer oficial &quot;El Dia de la Bestia 4K&quot; Reestreno en cines 15 octubre 2021" width="750" height="422" src="https://www.youtube.com/embed/_sOQnTw2K4E?feature=oembed" frameborder="0" allow="accelerometer; autoplay; clipboard-write; encrypted-media; gyroscope; picture-in-picture; web-share" referrerpolicy="strict-origin-when-cross-origin" allowfullscreen></iframe></p>

<p>Únete a nuestra terrorífica familia y participa en sorteos especiales El 20 de octubre de 1995 Alex de la Iglesia estrenó en Cines «El día de la bestia». 30 años&hellip; <a class="more-link" href="https://cineslys.com/val/calendario/terrorificamente-lys-aniversario-el-dia-de-la-bestia-en-4k/">Continue reading <span class="screen-reader-text">Terroríficamente Lys: Aniversario «El día de la bestia» en 4K</span></a></p>
