									
{"id":9614,"date":"2025-08-14T10:24:37","date_gmt":"2025-08-14T10:24:37","guid":{"rendered":"https:\/\/cineslys.com\/?post_type=tribe_events&#038;p=9614"},"modified":"2025-08-14T11:07:10","modified_gmt":"2025-08-14T11:07:10","slug":"reestreno-la-comunidad-con-coloquio-online-de-alex-de-la-iglesia","status":"publish","type":"tribe_events","link":"https:\/\/cineslys.com\/val\/calendario\/reestreno-la-comunidad-con-coloquio-online-de-alex-de-la-iglesia\/","title":{"rendered":"Reestreno \u00abLa comunidad\u00bb con coloquio online de \u00c1lex de la Iglesia"},"content":{"rendered":"<p data-start=\"388\" data-end=\"704\">La Comunidad de \u00c1lex de la Iglesia vuelve a salas de cine por su 25\u00ba Aniversario.\u00a0 Contaremos con un coloquio online al finalizar la pel\u00edcula con el director que atender\u00e1 las preguntas del p\u00fablico desde Buenos Aires (Argentina)<\/p>\n<p data-start=\"729\" data-end=\"1054\"><strong>Sinopsis: <\/strong>Julia es una mujer de unos cuarenta a\u00f1os que trabaja como vendedora de pisos para una agencia inmobiliaria. Tras encontrar 300 millones de pesetas escondidos en el apartamento de un muerto, se enfrentar\u00e1 a la ira de los miembros de una comunidad de vecinos muy particular, encabezada por un administrador sin escr\u00fapulos.<\/p>\n<p>El humor negro deja paso al suspense, luego al terror y, finalmente, a la acci\u00f3n sin complejos.<\/p>\n<p data-start=\"388\" data-end=\"704\"><a href=\"https:\/\/www.reservaentradas.com\/cine\/valencia\/cineslys?#registro\" rel=\"nofollow noopener\" target=\"_blank\"><span style=\"color: #ff0000;\"><strong>Hazte socio de Cines Lys y compra tu entrada por 6,50\u20ac<\/strong><\/span><\/a><\/p>\n<p><a href=\"https:\/\/www.reservaentradas.com\/entrada\/valencia\/cineslys\/la-comunidad-4k-25-aniversario\/369268\/?step=2\" rel=\"nofollow noopener\" target=\"_blank\"><button>Reserva tu entrada<\/button><\/a><\/p>\n<p><iframe title=\"Tr\u00e1iler &quot;La Comunidad&quot; Re Estreno 21 de agosto en Cines Lys\" width=\"750\" height=\"422\" src=\"https:\/\/www.youtube.com\/embed\/pW-jg0C4aLI?feature=oembed\" frameborder=\"0\" allow=\"accelerometer; autoplay; clipboard-write; encrypted-media; gyroscope; picture-in-picture; web-share\" referrerpolicy=\"strict-origin-when-cross-origin\" allowfullscreen><\/iframe><\/p>","protected":false},"excerpt":{"rendered":"<p>La Comunidad de \u00c1lex de la Iglesia vuelve a salas de cine por su 25\u00ba Aniversario.\u00a0 Contaremos con un coloquio online al finalizar la pel\u00edcula con el director que atender\u00e1&hellip; <a class=\"more-link\" href=\"https:\/\/cineslys.com\/val\/calendario\/reestreno-la-comunidad-con-coloquio-online-de-alex-de-la-iglesia\/\">Continue reading <span class=\"screen-reader-text\">Reestreno \u00abLa comunidad\u00bb con coloquio online de \u00c1lex de la Iglesia<\/span><\/a><\/p>","protected":false},"author":1,"featured_media":9625,"template":"","meta":{"_tribe_events_status":"","_tribe_events_status_reason":"","footnotes":""},"tags":[],"tribe_events_cat":[24,19],"class_list":["post-9614","tribe_events","type-tribe_events","status-publish","has-post-thumbnail","hentry","tribe_events_cat-eventos","tribe_events_cat-visita-de-directores","cat_eventos","cat_visita-de-directores","entry"],"_links":{"self":[{"href":"https:\/\/cineslys.com\/val\/wp-json\/wp\/v2\/tribe_events\/9614","targetHints":{"allow":["GET"]}}],"collection":[{"href":"https:\/\/cineslys.com\/val\/wp-json\/wp\/v2\/tribe_events"}],"about":[{"href":"https:\/\/cineslys.com\/val\/wp-json\/wp\/v2\/types\/tribe_events"}],"author":[{"embeddable":true,"href":"https:\/\/cineslys.com\/val\/wp-json\/wp\/v2\/users\/1"}],"version-history":[{"count":0,"href":"https:\/\/cineslys.com\/val\/wp-json\/wp\/v2\/tribe_events\/9614\/revisions"}],"wp:featuredmedia":[{"embeddable":true,"href":"https:\/\/cineslys.com\/val\/wp-json\/wp\/v2\/media\/9625"}],"wp:attachment":[{"href":"https:\/\/cineslys.com\/val\/wp-json\/wp\/v2\/media?parent=9614"}],"wp:term":[{"taxonomy":"post_tag","embeddable":true,"href":"https:\/\/cineslys.com\/val\/wp-json\/wp\/v2\/tags?post=9614"},{"taxonomy":"tribe_events_cat","embeddable":true,"href":"https:\/\/cineslys.com\/val\/wp-json\/wp\/v2\/tribe_events_cat?post=9614"}],"curies":[{"name":"wp","href":"https:\/\/api.w.org\/{rel}","templated":true}]}}

Reestreno «La comunidad» con coloquio online de Álex de la Iglesia

<p data-start="388" data-end="704">La Comunidad de Álex de la Iglesia vuelve a salas de cine por su 25º Aniversario.  Contaremos con un coloquio online al finalizar la película con el director que atenderá las preguntas del público desde Buenos Aires (Argentina)</p>
<p data-start="729" data-end="1054"><strong>Sinopsis: </strong>Julia es una mujer de unos cuarenta años que trabaja como vendedora de pisos para una agencia inmobiliaria. Tras encontrar 300 millones de pesetas escondidos en el apartamento de un muerto, se enfrentará a la ira de los miembros de una comunidad de vecinos muy particular, encabezada por un administrador sin escrúpulos.</p>
<p>El humor negro deja paso al suspense, luego al terror y, finalmente, a la acción sin complejos.</p>
<p data-start="388" data-end="704"><a href="https://www.reservaentradas.com/cine/valencia/cineslys?#registro" rel="nofollow noopener" target="_blank"><span style="color: #ff0000;"><strong>Hazte socio de Cines Lys y compra tu entrada por 6,50€</strong></span></a></p>
<p><a href="https://www.reservaentradas.com/entrada/valencia/cineslys/la-comunidad-4k-25-aniversario/369268/?step=2" rel="nofollow noopener" target="_blank"><button>Reserva tu entrada</button></a></p>
<p><iframe title="Tráiler &quot;La Comunidad&quot; Re Estreno 21 de agosto en Cines Lys" width="750" height="422" src="https://www.youtube.com/embed/pW-jg0C4aLI?feature=oembed" frameborder="0" allow="accelerometer; autoplay; clipboard-write; encrypted-media; gyroscope; picture-in-picture; web-share" referrerpolicy="strict-origin-when-cross-origin" allowfullscreen></iframe></p>

<p>La Comunidad de Álex de la Iglesia vuelve a salas de cine por su 25º Aniversario.  Contaremos con un coloquio online al finalizar la película con el director que atenderá&hellip; <a class="more-link" href="https://cineslys.com/val/calendario/reestreno-la-comunidad-con-coloquio-online-de-alex-de-la-iglesia/">Continue reading <span class="screen-reader-text">Reestreno «La comunidad» con coloquio online de Álex de la Iglesia</span></a></p>
