									
{"id":9638,"date":"2025-08-18T06:42:54","date_gmt":"2025-08-18T06:42:54","guid":{"rendered":"https:\/\/cineslys.com\/?post_type=tribe_events&#038;p=9638"},"modified":"2025-08-18T06:52:08","modified_gmt":"2025-08-18T06:52:08","slug":"ladeuda","status":"publish","type":"tribe_events","link":"https:\/\/cineslys.com\/val\/calendario\/ladeuda\/","title":{"rendered":"Cine Club Lys: La Deuda"},"content":{"rendered":"<h3><b>Cine Club Lys: La deuda<\/b><\/h3>\n<h3>Lunes, 15 de septiembre 16:30h, 18:00h y 19:30h<\/h3>\n<h6><a href=\"https:\/\/cineclublys.com\/matricula\/\" rel=\"nofollow noopener\" target=\"_blank\"><span style=\"color: #de0000;\">Matr\u00edcula abierta Cine Club Lys 2025-2026<\/span><\/a><\/h6>\n<p>El pr\u00f3ximo lunes 15 de septiembre volvemos con Cine Club Lys, inaugurando con Daniel Guzm\u00e1n<strong>\u00a0<\/strong>(<em>Canallas, 2022<\/em>), quien presentar\u00e1 y dar\u00e1 coloquio en los tres pases con su \u00faltima pel\u00edcula <strong>La Deuda.<br \/>\n<\/strong><\/p>\n<p><strong>Nominada a Mejor pel\u00edcula en el Biznaga de Oro en el Festival de M\u00e1laga.<\/strong><\/p>\n<p><strong>Sinopsis:<\/strong> Lucas, un hombre de 47 a\u00f1os y Antonia, una anciana, conviven en un piso c\u00e9ntrico de la ciudad. A pesar de sus dificultades econ\u00f3micas, Lucas y Antonia, viven con afecto, ilusi\u00f3n y sentido del humor. Su vida transcurre de forma cotidiana hasta que un fondo de inversi\u00f3n adquiere el edificio para convertirlo en pisos tur\u00edsticos. Lucas intenta conseguir el dinero necesario para evitar la p\u00e9rdida de la casa, pero una decisi\u00f3n err\u00f3nea cambiar\u00e1 el resto de sus vidas.<\/p>\n<p><a href=\"https:\/\/www.reservaentradas.com\/sesiones\/valencia\/cineslys\/cine-club-lys-la-deuda\/6775?proximamente=true&amp;\" rel=\"nofollow noopener\" target=\"_blank\"> <button>Reserva tu entrada<\/button> <\/a><\/p>\n<p><iframe title=\"Konga Music Agency - Tr\u00e1iler \u00abLa deuda\u00bb de Daniel Guzm\u00e1n\" width=\"750\" height=\"422\" src=\"https:\/\/www.youtube.com\/embed\/HdXNBjJSEgA?feature=oembed\" frameborder=\"0\" allow=\"accelerometer; autoplay; clipboard-write; encrypted-media; gyroscope; picture-in-picture; web-share\" referrerpolicy=\"strict-origin-when-cross-origin\" allowfullscreen><\/iframe><\/p>","protected":false},"excerpt":{"rendered":"<p>Cine Club Lys: La deuda Lunes, 15 de septiembre 16:30h, 18:00h y 19:30h Matr\u00edcula abierta Cine Club Lys 2025-2026 El pr\u00f3ximo lunes 15 de septiembre volvemos con Cine Club Lys,&hellip; <a class=\"more-link\" href=\"https:\/\/cineslys.com\/val\/calendario\/ladeuda\/\">Continue reading <span class=\"screen-reader-text\">Cine Club Lys: La Deuda<\/span><\/a><\/p>","protected":false},"author":1,"featured_media":9639,"template":"","meta":{"_tribe_events_status":"","_tribe_events_status_reason":"","footnotes":""},"tags":[],"tribe_events_cat":[18],"class_list":["post-9638","tribe_events","type-tribe_events","status-publish","has-post-thumbnail","hentry","tribe_events_cat-cine-club","cat_cine-club","entry"],"_links":{"self":[{"href":"https:\/\/cineslys.com\/val\/wp-json\/wp\/v2\/tribe_events\/9638","targetHints":{"allow":["GET"]}}],"collection":[{"href":"https:\/\/cineslys.com\/val\/wp-json\/wp\/v2\/tribe_events"}],"about":[{"href":"https:\/\/cineslys.com\/val\/wp-json\/wp\/v2\/types\/tribe_events"}],"author":[{"embeddable":true,"href":"https:\/\/cineslys.com\/val\/wp-json\/wp\/v2\/users\/1"}],"version-history":[{"count":0,"href":"https:\/\/cineslys.com\/val\/wp-json\/wp\/v2\/tribe_events\/9638\/revisions"}],"wp:featuredmedia":[{"embeddable":true,"href":"https:\/\/cineslys.com\/val\/wp-json\/wp\/v2\/media\/9639"}],"wp:attachment":[{"href":"https:\/\/cineslys.com\/val\/wp-json\/wp\/v2\/media?parent=9638"}],"wp:term":[{"taxonomy":"post_tag","embeddable":true,"href":"https:\/\/cineslys.com\/val\/wp-json\/wp\/v2\/tags?post=9638"},{"taxonomy":"tribe_events_cat","embeddable":true,"href":"https:\/\/cineslys.com\/val\/wp-json\/wp\/v2\/tribe_events_cat?post=9638"}],"curies":[{"name":"wp","href":"https:\/\/api.w.org\/{rel}","templated":true}]}}

<h3><b>Cine Club Lys: La deuda</b></h3>
<h3>Lunes, 15 de septiembre 16:30h, 18:00h y 19:30h</h3>
<h6><a href="https://cineclublys.com/matricula/" rel="nofollow noopener" target="_blank"><span style="color: #de0000;">Matrícula abierta Cine Club Lys 2025-2026</span></a></h6>
<p>El próximo lunes 15 de septiembre volvemos con Cine Club Lys, inaugurando con Daniel Guzmán<strong> </strong>(<em>Canallas, 2022</em>), quien presentará y dará coloquio en los tres pases con su última película <strong>La Deuda.<br />
</strong></p>
<p><strong>Nominada a Mejor película en el Biznaga de Oro en el Festival de Málaga.</strong></p>
<p><strong>Sinopsis:</strong> Lucas, un hombre de 47 años y Antonia, una anciana, conviven en un piso céntrico de la ciudad. A pesar de sus dificultades económicas, Lucas y Antonia, viven con afecto, ilusión y sentido del humor. Su vida transcurre de forma cotidiana hasta que un fondo de inversión adquiere el edificio para convertirlo en pisos turísticos. Lucas intenta conseguir el dinero necesario para evitar la pérdida de la casa, pero una decisión errónea cambiará el resto de sus vidas.</p>
<p><a href="https://www.reservaentradas.com/sesiones/valencia/cineslys/cine-club-lys-la-deuda/6775?proximamente=true&amp;" rel="nofollow noopener" target="_blank"> <button>Reserva tu entrada</button> </a></p>
<p><iframe title="Konga Music Agency - Tráiler «La deuda» de Daniel Guzmán" width="750" height="422" src="https://www.youtube.com/embed/HdXNBjJSEgA?feature=oembed" frameborder="0" allow="accelerometer; autoplay; clipboard-write; encrypted-media; gyroscope; picture-in-picture; web-share" referrerpolicy="strict-origin-when-cross-origin" allowfullscreen></iframe></p>

<p>Cine Club Lys: La deuda Lunes, 15 de septiembre 16:30h, 18:00h y 19:30h Matrícula abierta Cine Club Lys 2025-2026 El próximo lunes 15 de septiembre volvemos con Cine Club Lys,&hellip; <a class="more-link" href="https://cineslys.com/val/calendario/ladeuda/">Continue reading <span class="screen-reader-text">Cine Club Lys: La Deuda</span></a></p>
