									
{"id":9695,"date":"2025-08-22T10:11:30","date_gmt":"2025-08-22T10:11:30","guid":{"rendered":"https:\/\/cineslys.com\/?post_type=tribe_events&#038;p=9695"},"modified":"2025-09-01T06:45:07","modified_gmt":"2025-09-01T06:45:07","slug":"guardianes-de-la-noche-la-fortaleza-infinita","status":"publish","type":"tribe_events","link":"https:\/\/cineslys.com\/val\/calendario\/guardianes-de-la-noche-la-fortaleza-infinita\/","title":{"rendered":"Guardianes de la Noche: La fortaleza infinita"},"content":{"rendered":"<h3><strong>Guardianes de la Noche: La fortaleza infinita<\/strong><\/h3>\n<h3>Del 12 al 14 de septiembre &#8211; 16:35h, 18:35h<\/h3>\n<p>Guardianes de la Noche: La Fortaleza Infinita re\u00fane en una sola pel\u00edcula <strong>los episodios finales del arco de la Aldea de los Herreros<\/strong> y el <strong>inicio del arco del Entrenamiento de los Pilares<\/strong>, adaptados del manga original Kimetsu no Yaiba de Koyoharu Gotouge.<\/p>\n<p>La pel\u00edcula contin\u00faa la historia de Tanjiro y los cazadores de demonios, mientras se preparan para la amenaza que se aproxima y se enfrentan a enemigos cada vez m\u00e1s poderosos.<\/p>\n<p><strong>Sinopsis: <\/strong>Demon Slayer: Kimetsu no Yaiba &#8211; Infinity Castle adaptar\u00e1 el decimoprimero y \u00faltimo arco del manga original de Koyoharu Got\u014dge, que a su vez se divide en dos subarcos: arco del Castillo Infinito y arco de la Cuenta regresiva al amanecer. Estos nos presentan la batalla final entre los Pilares y las Lunas Superiores, as\u00ed como la confrontaci\u00f3n definitiva contra Muzan Kibutsuji.<\/p>\n<p><a href=\"https:\/\/www.reservaentradas.com\/sesiones\/valencia\/cineslys\/guardianes-de-la-noche-kimetsu-no-yaiba-la-fortaleza-infinita\/6781?proximamente=true&amp;\" rel=\"nofollow noopener\" target=\"_blank\"><strong>Reserva entradas para Guardianes de la Noche: La fortaleza infinita<\/strong><\/a><\/p>\n<p><iframe title=\"Guardianes de la Noche: Kimetsu no Yaiba La Fortaleza Infinita. Trailer oficial espa\u00f1ol HD.\" width=\"750\" height=\"422\" src=\"https:\/\/www.youtube.com\/embed\/X3E4zogzWsY?feature=oembed\" frameborder=\"0\" allow=\"accelerometer; autoplay; clipboard-write; encrypted-media; gyroscope; picture-in-picture; web-share\" referrerpolicy=\"strict-origin-when-cross-origin\" allowfullscreen><\/iframe><\/p>","protected":false},"excerpt":{"rendered":"<p>Guardianes de la Noche: La fortaleza infinita Del 12 al 14 de septiembre &#8211; 16:35h, 18:35h Guardianes de la Noche: La Fortaleza Infinita re\u00fane en una sola pel\u00edcula los episodios&hellip; <a class=\"more-link\" href=\"https:\/\/cineslys.com\/val\/calendario\/guardianes-de-la-noche-la-fortaleza-infinita\/\">Continue reading <span class=\"screen-reader-text\">Guardianes de la Noche: La fortaleza infinita<\/span><\/a><\/p>","protected":false},"author":1,"featured_media":9752,"template":"","meta":{"_tribe_events_status":"","_tribe_events_status_reason":"","footnotes":""},"tags":[],"tribe_events_cat":[24],"class_list":["post-9695","tribe_events","type-tribe_events","status-publish","has-post-thumbnail","hentry","tribe_events_cat-eventos","cat_eventos","entry"],"_links":{"self":[{"href":"https:\/\/cineslys.com\/val\/wp-json\/wp\/v2\/tribe_events\/9695","targetHints":{"allow":["GET"]}}],"collection":[{"href":"https:\/\/cineslys.com\/val\/wp-json\/wp\/v2\/tribe_events"}],"about":[{"href":"https:\/\/cineslys.com\/val\/wp-json\/wp\/v2\/types\/tribe_events"}],"author":[{"embeddable":true,"href":"https:\/\/cineslys.com\/val\/wp-json\/wp\/v2\/users\/1"}],"version-history":[{"count":0,"href":"https:\/\/cineslys.com\/val\/wp-json\/wp\/v2\/tribe_events\/9695\/revisions"}],"wp:featuredmedia":[{"embeddable":true,"href":"https:\/\/cineslys.com\/val\/wp-json\/wp\/v2\/media\/9752"}],"wp:attachment":[{"href":"https:\/\/cineslys.com\/val\/wp-json\/wp\/v2\/media?parent=9695"}],"wp:term":[{"taxonomy":"post_tag","embeddable":true,"href":"https:\/\/cineslys.com\/val\/wp-json\/wp\/v2\/tags?post=9695"},{"taxonomy":"tribe_events_cat","embeddable":true,"href":"https:\/\/cineslys.com\/val\/wp-json\/wp\/v2\/tribe_events_cat?post=9695"}],"curies":[{"name":"wp","href":"https:\/\/api.w.org\/{rel}","templated":true}]}}

<h3><strong>Guardianes de la Noche: La fortaleza infinita</strong></h3>
<h3>Del 12 al 14 de septiembre &#8211; 16:35h, 18:35h</h3>
<p>Guardianes de la Noche: La Fortaleza Infinita reúne en una sola película <strong>los episodios finales del arco de la Aldea de los Herreros</strong> y el <strong>inicio del arco del Entrenamiento de los Pilares</strong>, adaptados del manga original Kimetsu no Yaiba de Koyoharu Gotouge.</p>
<p>La película continúa la historia de Tanjiro y los cazadores de demonios, mientras se preparan para la amenaza que se aproxima y se enfrentan a enemigos cada vez más poderosos.</p>
<p><strong>Sinopsis: </strong>Demon Slayer: Kimetsu no Yaiba &#8211; Infinity Castle adaptará el decimoprimero y último arco del manga original de Koyoharu Gotōge, que a su vez se divide en dos subarcos: arco del Castillo Infinito y arco de la Cuenta regresiva al amanecer. Estos nos presentan la batalla final entre los Pilares y las Lunas Superiores, así como la confrontación definitiva contra Muzan Kibutsuji.</p>
<p><a href="https://www.reservaentradas.com/sesiones/valencia/cineslys/guardianes-de-la-noche-kimetsu-no-yaiba-la-fortaleza-infinita/6781?proximamente=true&amp;" rel="nofollow noopener" target="_blank"><strong>Reserva entradas para Guardianes de la Noche: La fortaleza infinita</strong></a></p>
<p><iframe title="Guardianes de la Noche: Kimetsu no Yaiba La Fortaleza Infinita. Trailer oficial español HD." width="750" height="422" src="https://www.youtube.com/embed/X3E4zogzWsY?feature=oembed" frameborder="0" allow="accelerometer; autoplay; clipboard-write; encrypted-media; gyroscope; picture-in-picture; web-share" referrerpolicy="strict-origin-when-cross-origin" allowfullscreen></iframe></p>

<p>Guardianes de la Noche: La fortaleza infinita Del 12 al 14 de septiembre &#8211; 16:35h, 18:35h Guardianes de la Noche: La Fortaleza Infinita reúne en una sola película los episodios&hellip; <a class="more-link" href="https://cineslys.com/val/calendario/guardianes-de-la-noche-la-fortaleza-infinita/">Continue reading <span class="screen-reader-text">Guardianes de la Noche: La fortaleza infinita</span></a></p>
