									
{"id":9810,"date":"2025-09-10T09:47:56","date_gmt":"2025-09-10T09:47:56","guid":{"rendered":"https:\/\/cineslys.com\/?post_type=tribe_events&#038;p=9810"},"modified":"2025-09-10T11:37:50","modified_gmt":"2025-09-10T11:37:50","slug":"60o-aniversario-sonrisas-y-lagrimas","status":"publish","type":"tribe_events","link":"https:\/\/cineslys.com\/val\/calendario\/60o-aniversario-sonrisas-y-lagrimas\/","title":{"rendered":"60\u00ba ANIVERSARIO: Sonrisas y L\u00e1grimas"},"content":{"rendered":"<h3><strong>60\u00ba ANIVERSARIO: Sonrisas y L\u00e1grimas<\/strong><\/h3>\n<h3>20 y 23 de septiembre &#8211; 19:15h<\/h3>\n<p>Disfruta de la espectacular presentaci\u00f3n de Sonrisas y l\u00e1grimas, <strong>el ic\u00f3nico musical cinematogr\u00e1fico de Rodgers &amp; Hammerstein<\/strong>. <strong>Restaurada y remasterizada meticulosamente en 4K por su 60\u00ba aniversario<\/strong>, esta querida obra cl\u00e1sica se presenta m\u00e1s brillante que nunca, con una calidad de imagen y sonido impecables.<\/p>\n<p>&nbsp;<\/p>\n<p><strong>Basada en una historia real<\/strong>, Julie Andrews ilumina la pantalla interpretando a Mar\u00eda, una joven en\u00e9rgica que deja el convento para convertirse en institutriz de los siete traviesos hijos del Capit\u00e1n von Trapp (Christopher Plummer). Con su calidez, encanto y canciones, Mar\u00eda conquista el coraz\u00f3n de los ni\u00f1os y tambi\u00e9n el del capit\u00e1n. Pero cuando la amenaza de la guerra se cierne sobre ellos, Mar\u00eda se ve obligada a emprender una audaz huida con su nueva familia. Sonrisas y l\u00e1grimas es uno de los musicales m\u00e1s exitosos de todos los tiempos e incluye canciones inolvidables como Edelweiss , Mis cosas favoritas , Sube cada monta\u00f1a y Do-Re-Mi.<\/p>\n<p><a href=\"https:\/\/www.reservaentradas.com\/sesiones\/valencia\/cineslys\/sonrisas-y-lagrimas-60-ordm-aniversario\/6776?proximamente=true&amp;\" rel=\"nofollow noopener\" target=\"_blank\"><strong>Reserva entradas para Sonrisas y L\u00e1grimas<\/strong><\/a><\/p>\n<p><iframe title=\"\u2728 Sonrisas y l\u00e1grimas vuelve a los cines por su 60 aniversario \u2728\" width=\"750\" height=\"422\" src=\"https:\/\/www.youtube.com\/embed\/HBlW9Dx70UA?feature=oembed\" frameborder=\"0\" allow=\"accelerometer; autoplay; clipboard-write; encrypted-media; gyroscope; picture-in-picture; web-share\" referrerpolicy=\"strict-origin-when-cross-origin\" allowfullscreen><\/iframe><\/p>","protected":false},"excerpt":{"rendered":"<p>60\u00ba ANIVERSARIO: Sonrisas y L\u00e1grimas 20 y 23 de septiembre &#8211; 19:15h Disfruta de la espectacular presentaci\u00f3n de Sonrisas y l\u00e1grimas, el ic\u00f3nico musical cinematogr\u00e1fico de Rodgers &amp; Hammerstein. Restaurada&hellip; <a class=\"more-link\" href=\"https:\/\/cineslys.com\/val\/calendario\/60o-aniversario-sonrisas-y-lagrimas\/\">Continue reading <span class=\"screen-reader-text\">60\u00ba ANIVERSARIO: Sonrisas y L\u00e1grimas<\/span><\/a><\/p>","protected":false},"author":1,"featured_media":9811,"template":"","meta":{"_tribe_events_status":"","_tribe_events_status_reason":"","footnotes":""},"tags":[],"tribe_events_cat":[24],"class_list":["post-9810","tribe_events","type-tribe_events","status-publish","has-post-thumbnail","hentry","tribe_events_cat-eventos","cat_eventos","entry"],"_links":{"self":[{"href":"https:\/\/cineslys.com\/val\/wp-json\/wp\/v2\/tribe_events\/9810","targetHints":{"allow":["GET"]}}],"collection":[{"href":"https:\/\/cineslys.com\/val\/wp-json\/wp\/v2\/tribe_events"}],"about":[{"href":"https:\/\/cineslys.com\/val\/wp-json\/wp\/v2\/types\/tribe_events"}],"author":[{"embeddable":true,"href":"https:\/\/cineslys.com\/val\/wp-json\/wp\/v2\/users\/1"}],"version-history":[{"count":0,"href":"https:\/\/cineslys.com\/val\/wp-json\/wp\/v2\/tribe_events\/9810\/revisions"}],"wp:featuredmedia":[{"embeddable":true,"href":"https:\/\/cineslys.com\/val\/wp-json\/wp\/v2\/media\/9811"}],"wp:attachment":[{"href":"https:\/\/cineslys.com\/val\/wp-json\/wp\/v2\/media?parent=9810"}],"wp:term":[{"taxonomy":"post_tag","embeddable":true,"href":"https:\/\/cineslys.com\/val\/wp-json\/wp\/v2\/tags?post=9810"},{"taxonomy":"tribe_events_cat","embeddable":true,"href":"https:\/\/cineslys.com\/val\/wp-json\/wp\/v2\/tribe_events_cat?post=9810"}],"curies":[{"name":"wp","href":"https:\/\/api.w.org\/{rel}","templated":true}]}}

60º ANIVERSARIO: Sonrisas y Lágrimas

<h3><strong>60º ANIVERSARIO: Sonrisas y Lágrimas</strong></h3>
<h3>20 y 23 de septiembre &#8211; 19:15h</h3>
<p>Disfruta de la espectacular presentación de Sonrisas y lágrimas, <strong>el icónico musical cinematográfico de Rodgers &amp; Hammerstein</strong>. <strong>Restaurada y remasterizada meticulosamente en 4K por su 60º aniversario</strong>, esta querida obra clásica se presenta más brillante que nunca, con una calidad de imagen y sonido impecables.</p>
<p>&nbsp;</p>
<p><strong>Basada en una historia real</strong>, Julie Andrews ilumina la pantalla interpretando a María, una joven enérgica que deja el convento para convertirse en institutriz de los siete traviesos hijos del Capitán von Trapp (Christopher Plummer). Con su calidez, encanto y canciones, María conquista el corazón de los niños y también el del capitán. Pero cuando la amenaza de la guerra se cierne sobre ellos, María se ve obligada a emprender una audaz huida con su nueva familia. Sonrisas y lágrimas es uno de los musicales más exitosos de todos los tiempos e incluye canciones inolvidables como Edelweiss , Mis cosas favoritas , Sube cada montaña y Do-Re-Mi.</p>
<p><a href="https://www.reservaentradas.com/sesiones/valencia/cineslys/sonrisas-y-lagrimas-60-ordm-aniversario/6776?proximamente=true&amp;" rel="nofollow noopener" target="_blank"><strong>Reserva entradas para Sonrisas y Lágrimas</strong></a></p>
<p><iframe title="✨ Sonrisas y lágrimas vuelve a los cines por su 60 aniversario ✨" width="750" height="422" src="https://www.youtube.com/embed/HBlW9Dx70UA?feature=oembed" frameborder="0" allow="accelerometer; autoplay; clipboard-write; encrypted-media; gyroscope; picture-in-picture; web-share" referrerpolicy="strict-origin-when-cross-origin" allowfullscreen></iframe></p>

<p>60º ANIVERSARIO: Sonrisas y Lágrimas 20 y 23 de septiembre &#8211; 19:15h Disfruta de la espectacular presentación de Sonrisas y lágrimas, el icónico musical cinematográfico de Rodgers &amp; Hammerstein. Restaurada&hellip; <a class="more-link" href="https://cineslys.com/val/calendario/60o-aniversario-sonrisas-y-lagrimas/">Continue reading <span class="screen-reader-text">60º ANIVERSARIO: Sonrisas y Lágrimas</span></a></p>
