									
{"id":9815,"date":"2025-09-10T19:12:18","date_gmt":"2025-09-10T19:12:18","guid":{"rendered":"https:\/\/cineslys.com\/?post_type=tribe_events&#038;p=9815"},"modified":"2025-09-10T19:12:27","modified_gmt":"2025-09-10T19:12:27","slug":"aniversario-lavia-i-el-foraster-con-sergi-miralles","status":"publish","type":"tribe_events","link":"https:\/\/cineslys.com\/val\/calendario\/aniversario-lavia-i-el-foraster-con-sergi-miralles\/","title":{"rendered":"Aniversario: L&#8217;\u00e0via i el foraster con Sergi Miralles"},"content":{"rendered":"<p>El pr\u00f3ximo 13 de septiembre se cumple el <strong>Primer Aniversario de \u00abL&#8217;\u00e0via i el foraster\u00bb<\/strong> pel\u00edcula dirigida por Sergi Miralles y que ha logrado ser la pel\u00edcula rodada en valenciano que m\u00e1s ha recaudado en salas.<\/p>\n<p>Por ese motivo tendremos un pase especial este <strong>Martes 16 de septiembre a las 18:25h<\/strong> con la presencia del director Sergi Miralles y la productora Mila Luengo \u00a1Os esperamos!<\/p>\n<p><a href=\"https:\/\/www.reservaentradas.com\/entrada\/valencia\/cineslys\/l-avia-i-el-foraster\/370802\/?step=2\" rel=\"nofollow noopener\" target=\"_blank\"><button>Reserva tu entrada<\/button><\/a><\/p>\n<p>Sinopsis: Teresa es modista. Conoce a Samir, el frutero, que en realidad es un gran sastre que tuvo que emigrar de Pakist\u00e1n.<br \/>\nEnric, en plena crisis vital, regresa al pueblo para asistir al funeral de su abuela y descubre la relaci\u00f3n que ella ten\u00eda con Samir.<\/p>\n<p><iframe title=\"Tr\u00e1iler L&#039;\u00e0via i el foraster \/ Estrena 13 setembre - VOSE\" width=\"750\" height=\"422\" src=\"https:\/\/www.youtube.com\/embed\/AQJg9ezg4BY?feature=oembed\" frameborder=\"0\" allow=\"accelerometer; autoplay; clipboard-write; encrypted-media; gyroscope; picture-in-picture; web-share\" referrerpolicy=\"strict-origin-when-cross-origin\" allowfullscreen><\/iframe><\/p>","protected":false},"excerpt":{"rendered":"<p>El pr\u00f3ximo 13 de septiembre se cumple el Primer Aniversario de \u00abL&#8217;\u00e0via i el foraster\u00bb pel\u00edcula dirigida por Sergi Miralles y que ha logrado ser la pel\u00edcula rodada en valenciano&hellip; <a class=\"more-link\" href=\"https:\/\/cineslys.com\/val\/calendario\/aniversario-lavia-i-el-foraster-con-sergi-miralles\/\">Continue reading <span class=\"screen-reader-text\">Aniversario: L&#8217;\u00e0via i el foraster con Sergi Miralles<\/span><\/a><\/p>","protected":false},"author":1,"featured_media":9817,"template":"","meta":{"_tribe_events_status":"","_tribe_events_status_reason":"","footnotes":""},"tags":[],"tribe_events_cat":[19],"class_list":["post-9815","tribe_events","type-tribe_events","status-publish","has-post-thumbnail","hentry","tribe_events_cat-visita-de-directores","cat_visita-de-directores","entry"],"_links":{"self":[{"href":"https:\/\/cineslys.com\/val\/wp-json\/wp\/v2\/tribe_events\/9815","targetHints":{"allow":["GET"]}}],"collection":[{"href":"https:\/\/cineslys.com\/val\/wp-json\/wp\/v2\/tribe_events"}],"about":[{"href":"https:\/\/cineslys.com\/val\/wp-json\/wp\/v2\/types\/tribe_events"}],"author":[{"embeddable":true,"href":"https:\/\/cineslys.com\/val\/wp-json\/wp\/v2\/users\/1"}],"version-history":[{"count":0,"href":"https:\/\/cineslys.com\/val\/wp-json\/wp\/v2\/tribe_events\/9815\/revisions"}],"wp:featuredmedia":[{"embeddable":true,"href":"https:\/\/cineslys.com\/val\/wp-json\/wp\/v2\/media\/9817"}],"wp:attachment":[{"href":"https:\/\/cineslys.com\/val\/wp-json\/wp\/v2\/media?parent=9815"}],"wp:term":[{"taxonomy":"post_tag","embeddable":true,"href":"https:\/\/cineslys.com\/val\/wp-json\/wp\/v2\/tags?post=9815"},{"taxonomy":"tribe_events_cat","embeddable":true,"href":"https:\/\/cineslys.com\/val\/wp-json\/wp\/v2\/tribe_events_cat?post=9815"}],"curies":[{"name":"wp","href":"https:\/\/api.w.org\/{rel}","templated":true}]}}

Aniversario: L&#8217;àvia i el foraster con Sergi Miralles

<p>El próximo 13 de septiembre se cumple el <strong>Primer Aniversario de «L&#8217;àvia i el foraster»</strong> película dirigida por Sergi Miralles y que ha logrado ser la película rodada en valenciano que más ha recaudado en salas.</p>
<p>Por ese motivo tendremos un pase especial este <strong>Martes 16 de septiembre a las 18:25h</strong> con la presencia del director Sergi Miralles y la productora Mila Luengo ¡Os esperamos!</p>
<p><a href="https://www.reservaentradas.com/entrada/valencia/cineslys/l-avia-i-el-foraster/370802/?step=2" rel="nofollow noopener" target="_blank"><button>Reserva tu entrada</button></a></p>
<p>Sinopsis: Teresa es modista. Conoce a Samir, el frutero, que en realidad es un gran sastre que tuvo que emigrar de Pakistán.<br />
Enric, en plena crisis vital, regresa al pueblo para asistir al funeral de su abuela y descubre la relación que ella tenía con Samir.</p>
<p><iframe title="Tráiler L&#039;àvia i el foraster / Estrena 13 setembre - VOSE" width="750" height="422" src="https://www.youtube.com/embed/AQJg9ezg4BY?feature=oembed" frameborder="0" allow="accelerometer; autoplay; clipboard-write; encrypted-media; gyroscope; picture-in-picture; web-share" referrerpolicy="strict-origin-when-cross-origin" allowfullscreen></iframe></p>

<p>El próximo 13 de septiembre se cumple el Primer Aniversario de «L&#8217;àvia i el foraster» película dirigida por Sergi Miralles y que ha logrado ser la película rodada en valenciano&hellip; <a class="more-link" href="https://cineslys.com/val/calendario/aniversario-lavia-i-el-foraster-con-sergi-miralles/">Continue reading <span class="screen-reader-text">Aniversario: L&#8217;àvia i el foraster con Sergi Miralles</span></a></p>
