									
{"id":9832,"date":"2025-09-11T14:30:07","date_gmt":"2025-09-11T14:30:07","guid":{"rendered":"https:\/\/cineslys.com\/?post_type=tribe_events&#038;p=9832"},"modified":"2025-10-01T15:13:55","modified_gmt":"2025-10-01T15:13:55","slug":"ciclo-kubrick-la-naranja-mecanica-vose","status":"publish","type":"tribe_events","link":"https:\/\/cineslys.com\/val\/calendario\/ciclo-kubrick-la-naranja-mecanica-vose\/","title":{"rendered":"Ciclo Kubrick: La naranja mec\u00e1nica (VOSE)"},"content":{"rendered":"<h3><strong>Ciclo Kubrick: La naranja mec\u00e1nica (VOSE)<\/strong><br \/>\nMi\u00e9rcoles 01 de octubre 19:30h.<\/h3>\n<p>Tras el \u00e9xito que vivimos al proyectar \u00abEl Resplandor\u00bb en Terror\u00edficamente Lys nos planteamos la posibilidad de organizar un ciclo especial sobre la figura de Stanley Kubrick. Gracias a Warner hemos podido cerrar este peque\u00f1o ciclo.<\/p>\n<p>El mi\u00e9rcoles 01 de octubre a las 19:30h tendremos el pase de \u00abLa naranja mec\u00e1nica\u00bb, pel\u00edcula\u00a0 de 1971 y basada en la novela de Anthony Burgess. La pel\u00edcula cont\u00f3 con 4 nominaciones al Oscar como Mejor Pel\u00edcula, Mejor Director, Mejor Montaje y Gui\u00f3n Adaptado.<\/p>\n<p>\ud83c\udf7c \u00abPol\u00e9mica, extra\u00f1a, agobiante, desagradable y magn\u00e9tica visi\u00f3n de la ultraviolencia a ritmo de Beethoven\u00bb.- Javier Oca\u00f1a &#8211; Cinemania<\/p>\n<p><strong>Sinopsis<\/strong>: Gran Breta\u00f1a, en un futuro indeterminado. Alex (Malcolm McDowell) es un joven muy agresivo que tiene dos pasiones: la violencia desaforada y Beethoven. Es el jefe de la banda de los drugos, que dan rienda suelta a sus instintos m\u00e1s salvajes apaleando, violando y aterrorizando a la poblaci\u00f3n. Cuando esa escalada de terror llega hasta el asesinato, Alex es detenido y, en prisi\u00f3n, se someter\u00e1 voluntariamente a una innovadora experiencia de reeducaci\u00f3n que pretende anular dr\u00e1sticamente cualquier atisbo de conducta antisocial.<\/p>\n<p><a href=\"https:\/\/www.reservaentradas.com\/sesiones\/valencia\/cineslys\/ciclo-kubrick-la-naranja-mecanica\/6816\/\" rel=\"nofollow noopener\" target=\"_blank\"><button>Reserva tu entrada<\/button><\/a><\/p>\n<p><iframe title=\"Naranja Mec\u00e1nica - (Tr\u00e1iler Oficial)  2019 Remasterizado\" width=\"750\" height=\"422\" src=\"https:\/\/www.youtube.com\/embed\/NPinel6R-_Y?feature=oembed\" frameborder=\"0\" allow=\"accelerometer; autoplay; clipboard-write; encrypted-media; gyroscope; picture-in-picture; web-share\" referrerpolicy=\"strict-origin-when-cross-origin\" allowfullscreen><\/iframe><\/p>","protected":false},"excerpt":{"rendered":"<p>Ciclo Kubrick: La naranja mec\u00e1nica (VOSE) Mi\u00e9rcoles 01 de octubre 19:30h. Tras el \u00e9xito que vivimos al proyectar \u00abEl Resplandor\u00bb en Terror\u00edficamente Lys nos planteamos la posibilidad de organizar un&hellip; <a class=\"more-link\" href=\"https:\/\/cineslys.com\/val\/calendario\/ciclo-kubrick-la-naranja-mecanica-vose\/\">Continue reading <span class=\"screen-reader-text\">Ciclo Kubrick: La naranja mec\u00e1nica (VOSE)<\/span><\/a><\/p>","protected":false},"author":1,"featured_media":9833,"template":"","meta":{"_tribe_events_status":"","_tribe_events_status_reason":"","footnotes":""},"tags":[],"tribe_events_cat":[81],"class_list":["post-9832","tribe_events","type-tribe_events","status-publish","has-post-thumbnail","hentry","tribe_events_cat-ciclo-clasico","cat_ciclo-clasico","entry"],"_links":{"self":[{"href":"https:\/\/cineslys.com\/val\/wp-json\/wp\/v2\/tribe_events\/9832","targetHints":{"allow":["GET"]}}],"collection":[{"href":"https:\/\/cineslys.com\/val\/wp-json\/wp\/v2\/tribe_events"}],"about":[{"href":"https:\/\/cineslys.com\/val\/wp-json\/wp\/v2\/types\/tribe_events"}],"author":[{"embeddable":true,"href":"https:\/\/cineslys.com\/val\/wp-json\/wp\/v2\/users\/1"}],"version-history":[{"count":0,"href":"https:\/\/cineslys.com\/val\/wp-json\/wp\/v2\/tribe_events\/9832\/revisions"}],"wp:featuredmedia":[{"embeddable":true,"href":"https:\/\/cineslys.com\/val\/wp-json\/wp\/v2\/media\/9833"}],"wp:attachment":[{"href":"https:\/\/cineslys.com\/val\/wp-json\/wp\/v2\/media?parent=9832"}],"wp:term":[{"taxonomy":"post_tag","embeddable":true,"href":"https:\/\/cineslys.com\/val\/wp-json\/wp\/v2\/tags?post=9832"},{"taxonomy":"tribe_events_cat","embeddable":true,"href":"https:\/\/cineslys.com\/val\/wp-json\/wp\/v2\/tribe_events_cat?post=9832"}],"curies":[{"name":"wp","href":"https:\/\/api.w.org\/{rel}","templated":true}]}}

Ciclo Kubrick: La naranja mecánica (VOSE)

<h3><strong>Ciclo Kubrick: La naranja mecánica (VOSE)</strong><br />
Miércoles 01 de octubre 19:30h.</h3>
<p>Tras el éxito que vivimos al proyectar «El Resplandor» en Terroríficamente Lys nos planteamos la posibilidad de organizar un ciclo especial sobre la figura de Stanley Kubrick. Gracias a Warner hemos podido cerrar este pequeño ciclo.</p>
<p>El miércoles 01 de octubre a las 19:30h tendremos el pase de «La naranja mecánica», película  de 1971 y basada en la novela de Anthony Burgess. La película contó con 4 nominaciones al Oscar como Mejor Película, Mejor Director, Mejor Montaje y Guión Adaptado.</p>
<p>🍼 «Polémica, extraña, agobiante, desagradable y magnética visión de la ultraviolencia a ritmo de Beethoven».- Javier Ocaña &#8211; Cinemania</p>
<p><strong>Sinopsis</strong>: Gran Bretaña, en un futuro indeterminado. Alex (Malcolm McDowell) es un joven muy agresivo que tiene dos pasiones: la violencia desaforada y Beethoven. Es el jefe de la banda de los drugos, que dan rienda suelta a sus instintos más salvajes apaleando, violando y aterrorizando a la población. Cuando esa escalada de terror llega hasta el asesinato, Alex es detenido y, en prisión, se someterá voluntariamente a una innovadora experiencia de reeducación que pretende anular drásticamente cualquier atisbo de conducta antisocial.</p>
<p><a href="https://www.reservaentradas.com/sesiones/valencia/cineslys/ciclo-kubrick-la-naranja-mecanica/6816/" rel="nofollow noopener" target="_blank"><button>Reserva tu entrada</button></a></p>
<p><iframe title="Naranja Mecánica - (Tráiler Oficial)  2019 Remasterizado" width="750" height="422" src="https://www.youtube.com/embed/NPinel6R-_Y?feature=oembed" frameborder="0" allow="accelerometer; autoplay; clipboard-write; encrypted-media; gyroscope; picture-in-picture; web-share" referrerpolicy="strict-origin-when-cross-origin" allowfullscreen></iframe></p>

<p>Ciclo Kubrick: La naranja mecánica (VOSE) Miércoles 01 de octubre 19:30h. Tras el éxito que vivimos al proyectar «El Resplandor» en Terroríficamente Lys nos planteamos la posibilidad de organizar un&hellip; <a class="more-link" href="https://cineslys.com/val/calendario/ciclo-kubrick-la-naranja-mecanica-vose/">Continue reading <span class="screen-reader-text">Ciclo Kubrick: La naranja mecánica (VOSE)</span></a></p>
