									
{"id":9837,"date":"2025-09-11T14:47:35","date_gmt":"2025-09-11T14:47:35","guid":{"rendered":"https:\/\/cineslys.com\/?post_type=tribe_events&#038;p=9837"},"modified":"2025-09-11T17:09:39","modified_gmt":"2025-09-11T17:09:39","slug":"ciclo-kubrick-la-chaqueta-metalica-vose","status":"publish","type":"tribe_events","link":"https:\/\/cineslys.com\/val\/calendario\/ciclo-kubrick-la-chaqueta-metalica-vose\/","title":{"rendered":"Ciclo Kubrick: La chaqueta met\u00e1lica (VOSE)"},"content":{"rendered":"<h3><strong>Ciclo Kubrick: La chaqueta mec\u00e1nica (VOSE)<\/strong><br \/>\nMi\u00e9rcoles 15 de octubre 19:30h.<\/h3>\n<p>El pr\u00f3ximo 15 de octubre a las 19:30h tendremos otra de las joyas de Kubrick. \u00abLa chaqueta met\u00e1lica\u00bb es una de esas pel\u00edculas que te duele volver a ver pero que tiene a dos de los personajes m\u00e1s reconocidos de su carrera: El Sargento Hartman (R. Lee Ermey) y Gomer Pyle, o \u00abRecluta Patoso\u00bb (Vicent D&#8217;Onofrio)<\/p>\n<p>\ud83c\udf96\ufe0f \u00abUna de las pel\u00edculas m\u00edticas de Kubrick. Perfectamente dirigida, el reputado cineasta rod\u00f3 de nuevo un pol\u00e9mico y excepcional trabajo\u00bb.- Fernando Morales: Diario El Pa\u00eds.<\/p>\n<p><strong>Sinopsis<\/strong>: Un grupo de reclutas se prepara en Parris Island, centro de entrenamiento de la marina norteamericana. Est\u00e1n bajo las \u00f3rdenes del sargento Hartman, duro e implacable, cuya \u00fanica misi\u00f3n en la vida es endurecer el cuerpo y el alma de los novatos, con el objetivo de que en el futuro puedan defenderse del enemigo. Pero no todos los j\u00f3venes est\u00e1n preparados para soportar sus m\u00e9todos.<\/p>\n<p><a href=\"https:\/\/www.reservaentradas.com\/entrada\/valencia\/cineslys\/ciclo-kubrick-la-chaqueta-metalica\/370859\/?step=2\" rel=\"nofollow noopener\" target=\"_blank\"><button>Reserva tu entrada<\/button><\/a><\/p>\n<p>&nbsp;<\/p>\n<p><iframe title=\"Full Metal Jacket | 4K Trailer | Warner Bros. Entertainment\" width=\"750\" height=\"422\" src=\"https:\/\/www.youtube.com\/embed\/n2i917l5RFc?feature=oembed\" frameborder=\"0\" allow=\"accelerometer; autoplay; clipboard-write; encrypted-media; gyroscope; picture-in-picture; web-share\" referrerpolicy=\"strict-origin-when-cross-origin\" allowfullscreen><\/iframe><\/p>","protected":false},"excerpt":{"rendered":"<p>Ciclo Kubrick: La chaqueta mec\u00e1nica (VOSE) Mi\u00e9rcoles 15 de octubre 19:30h. El pr\u00f3ximo 15 de octubre a las 19:30h tendremos otra de las joyas de Kubrick. \u00abLa chaqueta met\u00e1lica\u00bb es&hellip; <a class=\"more-link\" href=\"https:\/\/cineslys.com\/val\/calendario\/ciclo-kubrick-la-chaqueta-metalica-vose\/\">Continue reading <span class=\"screen-reader-text\">Ciclo Kubrick: La chaqueta met\u00e1lica (VOSE)<\/span><\/a><\/p>","protected":false},"author":1,"featured_media":9838,"template":"","meta":{"_tribe_events_status":"","_tribe_events_status_reason":"","footnotes":""},"tags":[],"tribe_events_cat":[81],"class_list":["post-9837","tribe_events","type-tribe_events","status-publish","has-post-thumbnail","hentry","tribe_events_cat-ciclo-clasico","cat_ciclo-clasico","entry"],"_links":{"self":[{"href":"https:\/\/cineslys.com\/val\/wp-json\/wp\/v2\/tribe_events\/9837","targetHints":{"allow":["GET"]}}],"collection":[{"href":"https:\/\/cineslys.com\/val\/wp-json\/wp\/v2\/tribe_events"}],"about":[{"href":"https:\/\/cineslys.com\/val\/wp-json\/wp\/v2\/types\/tribe_events"}],"author":[{"embeddable":true,"href":"https:\/\/cineslys.com\/val\/wp-json\/wp\/v2\/users\/1"}],"version-history":[{"count":0,"href":"https:\/\/cineslys.com\/val\/wp-json\/wp\/v2\/tribe_events\/9837\/revisions"}],"wp:featuredmedia":[{"embeddable":true,"href":"https:\/\/cineslys.com\/val\/wp-json\/wp\/v2\/media\/9838"}],"wp:attachment":[{"href":"https:\/\/cineslys.com\/val\/wp-json\/wp\/v2\/media?parent=9837"}],"wp:term":[{"taxonomy":"post_tag","embeddable":true,"href":"https:\/\/cineslys.com\/val\/wp-json\/wp\/v2\/tags?post=9837"},{"taxonomy":"tribe_events_cat","embeddable":true,"href":"https:\/\/cineslys.com\/val\/wp-json\/wp\/v2\/tribe_events_cat?post=9837"}],"curies":[{"name":"wp","href":"https:\/\/api.w.org\/{rel}","templated":true}]}}

Ciclo Kubrick: La chaqueta metálica (VOSE)

<h3><strong>Ciclo Kubrick: La chaqueta mecánica (VOSE)</strong><br />
Miércoles 15 de octubre 19:30h.</h3>
<p>El próximo 15 de octubre a las 19:30h tendremos otra de las joyas de Kubrick. «La chaqueta metálica» es una de esas películas que te duele volver a ver pero que tiene a dos de los personajes más reconocidos de su carrera: El Sargento Hartman (R. Lee Ermey) y Gomer Pyle, o «Recluta Patoso» (Vicent D&#8217;Onofrio)</p>
<p>🎖️ «Una de las películas míticas de Kubrick. Perfectamente dirigida, el reputado cineasta rodó de nuevo un polémico y excepcional trabajo».- Fernando Morales: Diario El País.</p>
<p><strong>Sinopsis</strong>: Un grupo de reclutas se prepara en Parris Island, centro de entrenamiento de la marina norteamericana. Están bajo las órdenes del sargento Hartman, duro e implacable, cuya única misión en la vida es endurecer el cuerpo y el alma de los novatos, con el objetivo de que en el futuro puedan defenderse del enemigo. Pero no todos los jóvenes están preparados para soportar sus métodos.</p>
<p><a href="https://www.reservaentradas.com/entrada/valencia/cineslys/ciclo-kubrick-la-chaqueta-metalica/370859/?step=2" rel="nofollow noopener" target="_blank"><button>Reserva tu entrada</button></a></p>
<p>&nbsp;</p>
<p><iframe title="Full Metal Jacket | 4K Trailer | Warner Bros. Entertainment" width="750" height="422" src="https://www.youtube.com/embed/n2i917l5RFc?feature=oembed" frameborder="0" allow="accelerometer; autoplay; clipboard-write; encrypted-media; gyroscope; picture-in-picture; web-share" referrerpolicy="strict-origin-when-cross-origin" allowfullscreen></iframe></p>

<p>Ciclo Kubrick: La chaqueta mecánica (VOSE) Miércoles 15 de octubre 19:30h. El próximo 15 de octubre a las 19:30h tendremos otra de las joyas de Kubrick. «La chaqueta metálica» es&hellip; <a class="more-link" href="https://cineslys.com/val/calendario/ciclo-kubrick-la-chaqueta-metalica-vose/">Continue reading <span class="screen-reader-text">Ciclo Kubrick: La chaqueta metálica (VOSE)</span></a></p>
