									
{"id":9841,"date":"2025-09-11T14:58:17","date_gmt":"2025-09-11T14:58:17","guid":{"rendered":"https:\/\/cineslys.com\/?post_type=tribe_events&#038;p=9841"},"modified":"2025-10-23T17:48:47","modified_gmt":"2025-10-23T17:48:47","slug":"ciclo-kubrick-2001-odisea-en-el-espacio","status":"publish","type":"tribe_events","link":"https:\/\/cineslys.com\/val\/calendario\/ciclo-kubrick-2001-odisea-en-el-espacio\/","title":{"rendered":"Ciclo Kubrick: 2001 Odisea en el Espacio"},"content":{"rendered":"<h3><strong>Ciclo Kubrick: 2001 Odisea en el Espacio (VOSE)<\/strong><br \/>\nMi\u00e9rcoles 29 de octubre 19:30h <span style=\"color: #ff0000;\"><strong>SOLD OUT<br \/>\nNUEVO PASE\u00a0<\/strong><span style=\"color: #000000;\">20.35h<\/span><\/span><\/h3>\n<p>Cerrando el Ciclo (si no ampliamos..) tendremos un cl\u00e1sico pero que es la pel\u00f3cula de ciencia-ficci\u00f3n por excelencia de la historia del cine: \u00ab2001: Odisea en el Espacio\u00bb. Si a eso le a\u00f1adimos el actual repunte de la IA en nuestras vidas&#8230; pues se convierte en un buen c\u00f3ctel para volver a disfrutar en gran pantalla.<\/p>\n<p>\ud83d\ude80 \u00abLa cinta m\u00e1s pol\u00e9mica, magn\u00e9tica y genial de Kubrick. La elipsis del hueso-espacio, el monolito y el enmudecimiento de Hal Forman ya parte de la iconograf\u00eda del siglo\u00bb.- Luis Mart\u00ednez: Diario El Pa\u00eds.<\/p>\n<p><strong>Sinopsis<\/strong>: Hace millones de a\u00f1os, antes de la aparici\u00f3n del \u00abhomo sapiens\u00bb, unos primates descubren un monolito que los conduce a un estadio de inteligencia superior. Millones de a\u00f1os despu\u00e9s, otro monolito, enterrado en una luna, despierta el inter\u00e9s de los cient\u00edficos. Por \u00faltimo, durante una misi\u00f3n de la NASA, HAL 9000, una m\u00e1quina dotada de inteligencia artificial, se encarga de controlar todos los sistemas de una nave espacial tripulada.<\/p>\n<p><a href=\"https:\/\/www.reservaentradas.com\/sesiones\/valencia\/cineslys\/ciclo-kubrick-2001-una-odisea-del-espacio\/6817\" rel=\"nofollow noopener\" target=\"_blank\"><button>Reserva tu entrada<\/button><\/a><\/p>","protected":false},"excerpt":{"rendered":"<p>Ciclo Kubrick: 2001 Odisea en el Espacio (VOSE) Mi\u00e9rcoles 29 de octubre 19:30h SOLD OUT NUEVO PASE\u00a020.35h Cerrando el Ciclo (si no ampliamos..) tendremos un cl\u00e1sico pero que es la&hellip; <a class=\"more-link\" href=\"https:\/\/cineslys.com\/val\/calendario\/ciclo-kubrick-2001-odisea-en-el-espacio\/\">Continue reading <span class=\"screen-reader-text\">Ciclo Kubrick: 2001 Odisea en el Espacio<\/span><\/a><\/p>","protected":false},"author":1,"featured_media":10187,"template":"","meta":{"_tribe_events_status":"","_tribe_events_status_reason":"","footnotes":""},"tags":[],"tribe_events_cat":[81],"class_list":["post-9841","tribe_events","type-tribe_events","status-publish","has-post-thumbnail","hentry","tribe_events_cat-ciclo-clasico","cat_ciclo-clasico","entry"],"_links":{"self":[{"href":"https:\/\/cineslys.com\/val\/wp-json\/wp\/v2\/tribe_events\/9841","targetHints":{"allow":["GET"]}}],"collection":[{"href":"https:\/\/cineslys.com\/val\/wp-json\/wp\/v2\/tribe_events"}],"about":[{"href":"https:\/\/cineslys.com\/val\/wp-json\/wp\/v2\/types\/tribe_events"}],"author":[{"embeddable":true,"href":"https:\/\/cineslys.com\/val\/wp-json\/wp\/v2\/users\/1"}],"version-history":[{"count":0,"href":"https:\/\/cineslys.com\/val\/wp-json\/wp\/v2\/tribe_events\/9841\/revisions"}],"wp:featuredmedia":[{"embeddable":true,"href":"https:\/\/cineslys.com\/val\/wp-json\/wp\/v2\/media\/10187"}],"wp:attachment":[{"href":"https:\/\/cineslys.com\/val\/wp-json\/wp\/v2\/media?parent=9841"}],"wp:term":[{"taxonomy":"post_tag","embeddable":true,"href":"https:\/\/cineslys.com\/val\/wp-json\/wp\/v2\/tags?post=9841"},{"taxonomy":"tribe_events_cat","embeddable":true,"href":"https:\/\/cineslys.com\/val\/wp-json\/wp\/v2\/tribe_events_cat?post=9841"}],"curies":[{"name":"wp","href":"https:\/\/api.w.org\/{rel}","templated":true}]}}

<h3><strong>Ciclo Kubrick: 2001 Odisea en el Espacio (VOSE)</strong><br />
Miércoles 29 de octubre 19:30h <span style="color: #ff0000;"><strong>SOLD OUT<br />
NUEVO PASE </strong><span style="color: #000000;">20.35h</span></span></h3>
<p>Cerrando el Ciclo (si no ampliamos..) tendremos un clásico pero que es la pelócula de ciencia-ficción por excelencia de la historia del cine: «2001: Odisea en el Espacio». Si a eso le añadimos el actual repunte de la IA en nuestras vidas&#8230; pues se convierte en un buen cóctel para volver a disfrutar en gran pantalla.</p>
<p>🚀 «La cinta más polémica, magnética y genial de Kubrick. La elipsis del hueso-espacio, el monolito y el enmudecimiento de Hal Forman ya parte de la iconografía del siglo».- Luis Martínez: Diario El País.</p>
<p><strong>Sinopsis</strong>: Hace millones de años, antes de la aparición del «homo sapiens», unos primates descubren un monolito que los conduce a un estadio de inteligencia superior. Millones de años después, otro monolito, enterrado en una luna, despierta el interés de los científicos. Por último, durante una misión de la NASA, HAL 9000, una máquina dotada de inteligencia artificial, se encarga de controlar todos los sistemas de una nave espacial tripulada.</p>
<p><a href="https://www.reservaentradas.com/sesiones/valencia/cineslys/ciclo-kubrick-2001-una-odisea-del-espacio/6817" rel="nofollow noopener" target="_blank"><button>Reserva tu entrada</button></a></p>

<p>Ciclo Kubrick: 2001 Odisea en el Espacio (VOSE) Miércoles 29 de octubre 19:30h SOLD OUT NUEVO PASE 20.35h Cerrando el Ciclo (si no ampliamos..) tendremos un clásico pero que es la&hellip; <a class="more-link" href="https://cineslys.com/val/calendario/ciclo-kubrick-2001-odisea-en-el-espacio/">Continue reading <span class="screen-reader-text">Ciclo Kubrick: 2001 Odisea en el Espacio</span></a></p>
