									
{"id":9870,"date":"2025-09-18T11:36:59","date_gmt":"2025-09-18T11:36:59","guid":{"rendered":"https:\/\/cineslys.com\/?post_type=tribe_events&#038;p=9870"},"modified":"2025-09-18T11:37:00","modified_gmt":"2025-09-18T11:37:00","slug":"lavia-i-el-foraster-vuelve-a-cines-lys","status":"publish","type":"tribe_events","link":"https:\/\/cineslys.com\/val\/calendario\/lavia-i-el-foraster-vuelve-a-cines-lys\/","title":{"rendered":"L&#8217;\u00e0via i el foraster vuelve a Cines Lys"},"content":{"rendered":"<h3><b>Cine Valenciano: L&#8217;\u00e0via i el foraster<\/b><\/h3>\n<p>Tras el \u00e9xito vivido el pasado martes 16 de septiembre, tendremos una segunda oportunidad para ver \u00abL&#8217;\u00e0via i el foraster\u00bb en los Cines Lys. La pel\u00edcula rodada en valenciano m\u00e1s taquillera de la historia. Una pel\u00edcula que te llega al coraz\u00f3n desde el primer momento y con una magn\u00edfica Neus Agull\u00f3, Empar Ferrer, Isabel Rocatti&#8230; Si no has podido verla a\u00fan este es tu momento.<\/p>\n<p><a href=\"https:\/\/www.reservaentradas.com\/entrada\/valencia\/cineslys\/l-avia-i-el-foraster\/370874\/?step=2\" rel=\"nofollow noopener\" target=\"_blank\"> <button>Reserva tu entrada<\/button> <\/a><\/p>\n<p><iframe title=\"Tr\u00e1iler L&#039;\u00e0via i el foraster \/ Estrena 13 setembre - VOSE\" width=\"750\" height=\"422\" src=\"https:\/\/www.youtube.com\/embed\/AQJg9ezg4BY?feature=oembed\" frameborder=\"0\" allow=\"accelerometer; autoplay; clipboard-write; encrypted-media; gyroscope; picture-in-picture; web-share\" referrerpolicy=\"strict-origin-when-cross-origin\" allowfullscreen><\/iframe><\/p>","protected":false},"excerpt":{"rendered":"<p>Cine Valenciano: L&#8217;\u00e0via i el foraster Tras el \u00e9xito vivido el pasado martes 16 de septiembre, tendremos una segunda oportunidad para ver \u00abL&#8217;\u00e0via i el foraster\u00bb en los Cines Lys.&hellip; <a class=\"more-link\" href=\"https:\/\/cineslys.com\/val\/calendario\/lavia-i-el-foraster-vuelve-a-cines-lys\/\">Continue reading <span class=\"screen-reader-text\">L&#8217;\u00e0via i el foraster vuelve a Cines Lys<\/span><\/a><\/p>","protected":false},"author":1,"featured_media":9871,"template":"","meta":{"_tribe_events_status":"","_tribe_events_status_reason":"","footnotes":""},"tags":[],"tribe_events_cat":[],"class_list":["post-9870","tribe_events","type-tribe_events","status-publish","has-post-thumbnail","hentry","entry"],"_links":{"self":[{"href":"https:\/\/cineslys.com\/val\/wp-json\/wp\/v2\/tribe_events\/9870","targetHints":{"allow":["GET"]}}],"collection":[{"href":"https:\/\/cineslys.com\/val\/wp-json\/wp\/v2\/tribe_events"}],"about":[{"href":"https:\/\/cineslys.com\/val\/wp-json\/wp\/v2\/types\/tribe_events"}],"author":[{"embeddable":true,"href":"https:\/\/cineslys.com\/val\/wp-json\/wp\/v2\/users\/1"}],"version-history":[{"count":0,"href":"https:\/\/cineslys.com\/val\/wp-json\/wp\/v2\/tribe_events\/9870\/revisions"}],"wp:featuredmedia":[{"embeddable":true,"href":"https:\/\/cineslys.com\/val\/wp-json\/wp\/v2\/media\/9871"}],"wp:attachment":[{"href":"https:\/\/cineslys.com\/val\/wp-json\/wp\/v2\/media?parent=9870"}],"wp:term":[{"taxonomy":"post_tag","embeddable":true,"href":"https:\/\/cineslys.com\/val\/wp-json\/wp\/v2\/tags?post=9870"},{"taxonomy":"tribe_events_cat","embeddable":true,"href":"https:\/\/cineslys.com\/val\/wp-json\/wp\/v2\/tribe_events_cat?post=9870"}],"curies":[{"name":"wp","href":"https:\/\/api.w.org\/{rel}","templated":true}]}}

L&#8217;àvia i el foraster vuelve a Cines Lys

<h3><b>Cine Valenciano: L&#8217;àvia i el foraster</b></h3>
<p>Tras el éxito vivido el pasado martes 16 de septiembre, tendremos una segunda oportunidad para ver «L&#8217;àvia i el foraster» en los Cines Lys. La película rodada en valenciano más taquillera de la historia. Una película que te llega al corazón desde el primer momento y con una magnífica Neus Agulló, Empar Ferrer, Isabel Rocatti&#8230; Si no has podido verla aún este es tu momento.</p>
<p><a href="https://www.reservaentradas.com/entrada/valencia/cineslys/l-avia-i-el-foraster/370874/?step=2" rel="nofollow noopener" target="_blank"> <button>Reserva tu entrada</button> </a></p>
<p><iframe title="Tráiler L&#039;àvia i el foraster / Estrena 13 setembre - VOSE" width="750" height="422" src="https://www.youtube.com/embed/AQJg9ezg4BY?feature=oembed" frameborder="0" allow="accelerometer; autoplay; clipboard-write; encrypted-media; gyroscope; picture-in-picture; web-share" referrerpolicy="strict-origin-when-cross-origin" allowfullscreen></iframe></p>

<p>Cine Valenciano: L&#8217;àvia i el foraster Tras el éxito vivido el pasado martes 16 de septiembre, tendremos una segunda oportunidad para ver «L&#8217;àvia i el foraster» en los Cines Lys.&hellip; <a class="more-link" href="https://cineslys.com/val/calendario/lavia-i-el-foraster-vuelve-a-cines-lys/">Continue reading <span class="screen-reader-text">L&#8217;àvia i el foraster vuelve a Cines Lys</span></a></p>
