									
{"id":9940,"date":"2025-09-20T16:49:36","date_gmt":"2025-09-20T16:49:36","guid":{"rendered":"https:\/\/cineslys.com\/?post_type=tribe_events&#038;p=9940"},"modified":"2025-09-20T16:50:12","modified_gmt":"2025-09-20T16:50:12","slug":"proyecto-viridiana-la-deuda-con-daniel-guzman","status":"publish","type":"tribe_events","link":"https:\/\/cineslys.com\/val\/calendario\/proyecto-viridiana-la-deuda-con-daniel-guzman\/","title":{"rendered":"Proyecto Viridiana: La Deuda con Daniel Guzm\u00e1n"},"content":{"rendered":"<p data-start=\"388\" data-end=\"704\">Tras la buena acogida que tuvo nuestro pase de \u00abLa deuda\u00bb con Daniel Guzm\u00e1n tendremos una segunda oportunidad para poder verla antes de su estreno con coloquio del director. En este caso desde Proyecto Viridiana, una asociaci\u00f3n de m\u00e1s de 30 cines que retransmiten en directo el coloquio desde uno de ellos. En este caso le toca a nuestros amigos de mk2 Palacio de Hielo (Madrid)<\/p>\n<p data-start=\"729\" data-end=\"1054\"><strong>Sinopsis:<\/strong> Lucas, un hombre de 47 a\u00f1os y Antonia, una anciana, conviven en un piso c\u00e9ntrico de la ciudad. A pesar de sus dificultades econ\u00f3micas, Lucas y Antonia, viven con afecto, ilusi\u00f3n y sentido del humor. Su vida transcurre de forma cotidiana hasta que un fondo de inversi\u00f3n adquiere el edificio para convertirlo en pisos tur\u00edsticos. Lucas intenta conseguir el dinero necesario para evitar la p\u00e9rdida de la casa, pero una decisi\u00f3n err\u00f3nea cambiar\u00e1 el resto de sus vidas.<\/p>\n<p data-start=\"388\" data-end=\"704\"><a href=\"https:\/\/www.reservaentradas.com\/cine\/valencia\/cineslys?#registro\" rel=\"nofollow noopener\" target=\"_blank\"><span style=\"color: #ff0000;\"><strong>Hazte socio de Cines Lys\u00a0<\/strong><\/span><\/a><\/p>\n<p><a href=\"https:\/\/www.reservaentradas.com\/entrada\/valencia\/cineslys\/terrorificamente-lys-la-larga-marcha\/369262\/?step=2\" rel=\"nofollow noopener\" target=\"_blank\"><button>Reserva tu entrada<\/button><\/a><\/p>","protected":false},"excerpt":{"rendered":"<p>Tras la buena acogida que tuvo nuestro pase de \u00abLa deuda\u00bb con Daniel Guzm\u00e1n tendremos una segunda oportunidad para poder verla antes de su estreno con coloquio del director. En&hellip; <a class=\"more-link\" href=\"https:\/\/cineslys.com\/val\/calendario\/proyecto-viridiana-la-deuda-con-daniel-guzman\/\">Continue reading <span class=\"screen-reader-text\">Proyecto Viridiana: La Deuda con Daniel Guzm\u00e1n<\/span><\/a><\/p>","protected":false},"author":1,"featured_media":9941,"template":"","meta":{"_tribe_events_status":"","_tribe_events_status_reason":"","footnotes":""},"tags":[],"tribe_events_cat":[32],"class_list":["post-9940","tribe_events","type-tribe_events","status-publish","has-post-thumbnail","hentry","tribe_events_cat-proyecto-viridiana","cat_proyecto-viridiana","entry"],"_links":{"self":[{"href":"https:\/\/cineslys.com\/val\/wp-json\/wp\/v2\/tribe_events\/9940","targetHints":{"allow":["GET"]}}],"collection":[{"href":"https:\/\/cineslys.com\/val\/wp-json\/wp\/v2\/tribe_events"}],"about":[{"href":"https:\/\/cineslys.com\/val\/wp-json\/wp\/v2\/types\/tribe_events"}],"author":[{"embeddable":true,"href":"https:\/\/cineslys.com\/val\/wp-json\/wp\/v2\/users\/1"}],"version-history":[{"count":0,"href":"https:\/\/cineslys.com\/val\/wp-json\/wp\/v2\/tribe_events\/9940\/revisions"}],"wp:featuredmedia":[{"embeddable":true,"href":"https:\/\/cineslys.com\/val\/wp-json\/wp\/v2\/media\/9941"}],"wp:attachment":[{"href":"https:\/\/cineslys.com\/val\/wp-json\/wp\/v2\/media?parent=9940"}],"wp:term":[{"taxonomy":"post_tag","embeddable":true,"href":"https:\/\/cineslys.com\/val\/wp-json\/wp\/v2\/tags?post=9940"},{"taxonomy":"tribe_events_cat","embeddable":true,"href":"https:\/\/cineslys.com\/val\/wp-json\/wp\/v2\/tribe_events_cat?post=9940"}],"curies":[{"name":"wp","href":"https:\/\/api.w.org\/{rel}","templated":true}]}}

Proyecto Viridiana: La Deuda con Daniel Guzmán

<p data-start="388" data-end="704">Tras la buena acogida que tuvo nuestro pase de «La deuda» con Daniel Guzmán tendremos una segunda oportunidad para poder verla antes de su estreno con coloquio del director. En este caso desde Proyecto Viridiana, una asociación de más de 30 cines que retransmiten en directo el coloquio desde uno de ellos. En este caso le toca a nuestros amigos de mk2 Palacio de Hielo (Madrid)</p>
<p data-start="729" data-end="1054"><strong>Sinopsis:</strong> Lucas, un hombre de 47 años y Antonia, una anciana, conviven en un piso céntrico de la ciudad. A pesar de sus dificultades económicas, Lucas y Antonia, viven con afecto, ilusión y sentido del humor. Su vida transcurre de forma cotidiana hasta que un fondo de inversión adquiere el edificio para convertirlo en pisos turísticos. Lucas intenta conseguir el dinero necesario para evitar la pérdida de la casa, pero una decisión errónea cambiará el resto de sus vidas.</p>
<p data-start="388" data-end="704"><a href="https://www.reservaentradas.com/cine/valencia/cineslys?#registro" rel="nofollow noopener" target="_blank"><span style="color: #ff0000;"><strong>Hazte socio de Cines Lys </strong></span></a></p>
<p><a href="https://www.reservaentradas.com/entrada/valencia/cineslys/terrorificamente-lys-la-larga-marcha/369262/?step=2" rel="nofollow noopener" target="_blank"><button>Reserva tu entrada</button></a></p>

<p>Tras la buena acogida que tuvo nuestro pase de «La deuda» con Daniel Guzmán tendremos una segunda oportunidad para poder verla antes de su estreno con coloquio del director. En&hellip; <a class="more-link" href="https://cineslys.com/val/calendario/proyecto-viridiana-la-deuda-con-daniel-guzman/">Continue reading <span class="screen-reader-text">Proyecto Viridiana: La Deuda con Daniel Guzmán</span></a></p>
