									
{"id":9978,"date":"2025-09-30T07:42:07","date_gmt":"2025-09-30T07:42:07","guid":{"rendered":"https:\/\/cineslys.com\/?post_type=tribe_events&#038;p=9978"},"modified":"2025-09-30T07:42:08","modified_gmt":"2025-09-30T07:42:08","slug":"proyecto-viridiana-los-domingos","status":"publish","type":"tribe_events","link":"https:\/\/cineslys.com\/val\/calendario\/proyecto-viridiana-los-domingos\/","title":{"rendered":"Proyecto Viridiana: Los Domingos"},"content":{"rendered":"<p data-start=\"388\" data-end=\"704\">Vuelve Proyecto Viridiana con <strong>Los Domingos<\/strong>, con la presencia online de la <strong>directora Alauda Ruiz de Az\u00faa<\/strong> desde Cine Paz, Madrid.<\/p>\n<p data-start=\"388\" data-end=\"704\"><strong>Se mostrar\u00e1 un QR en pantalla donde podr\u00e9is hacerle vuestras preguntas a la directora.<\/strong><\/p>\n<p data-start=\"729\" data-end=\"1054\"><strong>Sinopsis:<\/strong> Ainara es una joven de 17 a\u00f1os brillante y muy idealista que, en lugar de elegir una carrera universitaria como espera su familia, decide entregarse a la vida religiosa, convirti\u00e9ndose en monja de clausura. Su inesperada decisi\u00f3n hace que los cimientos familiares se sacudan, generando sorpresa, conflictos y un profundo cuestionamiento sobre la fe, la libertad y el destino. A medida que cada miembro afronta la noticia, la familia se enfrenta a una prueba de fuego que cambiar\u00e1 sus vidas para siempre.<\/p>\n<p data-start=\"388\" data-end=\"704\"><a href=\"https:\/\/www.reservaentradas.com\/cine\/valencia\/cineslys?#registro\" rel=\"nofollow noopener\" target=\"_blank\"><span style=\"color: #ff0000;\"><strong>Hazte socio de Cines Lys\u00a0<\/strong><\/span><\/a><\/p>\n<p><a href=\"https:\/\/www.reservaentradas.com\/entrada\/valencia\/cineslys\/proyecto-viridiana-los-domingos\/371185\/?step=2\" rel=\"nofollow noopener\" target=\"_blank\"><button>Reserva tu entrada<\/button><\/a><\/p>","protected":false},"excerpt":{"rendered":"<p>Vuelve Proyecto Viridiana con Los Domingos, con la presencia online de la directora Alauda Ruiz de Az\u00faa desde Cine Paz, Madrid. Se mostrar\u00e1 un QR en pantalla donde podr\u00e9is hacerle&hellip; <a class=\"more-link\" href=\"https:\/\/cineslys.com\/val\/calendario\/proyecto-viridiana-los-domingos\/\">Continue reading <span class=\"screen-reader-text\">Proyecto Viridiana: Los Domingos<\/span><\/a><\/p>","protected":false},"author":1,"featured_media":9979,"template":"","meta":{"_tribe_events_status":"","_tribe_events_status_reason":"","footnotes":""},"tags":[],"tribe_events_cat":[32],"class_list":["post-9978","tribe_events","type-tribe_events","status-publish","has-post-thumbnail","hentry","tribe_events_cat-proyecto-viridiana","cat_proyecto-viridiana","entry"],"_links":{"self":[{"href":"https:\/\/cineslys.com\/val\/wp-json\/wp\/v2\/tribe_events\/9978","targetHints":{"allow":["GET"]}}],"collection":[{"href":"https:\/\/cineslys.com\/val\/wp-json\/wp\/v2\/tribe_events"}],"about":[{"href":"https:\/\/cineslys.com\/val\/wp-json\/wp\/v2\/types\/tribe_events"}],"author":[{"embeddable":true,"href":"https:\/\/cineslys.com\/val\/wp-json\/wp\/v2\/users\/1"}],"version-history":[{"count":0,"href":"https:\/\/cineslys.com\/val\/wp-json\/wp\/v2\/tribe_events\/9978\/revisions"}],"wp:featuredmedia":[{"embeddable":true,"href":"https:\/\/cineslys.com\/val\/wp-json\/wp\/v2\/media\/9979"}],"wp:attachment":[{"href":"https:\/\/cineslys.com\/val\/wp-json\/wp\/v2\/media?parent=9978"}],"wp:term":[{"taxonomy":"post_tag","embeddable":true,"href":"https:\/\/cineslys.com\/val\/wp-json\/wp\/v2\/tags?post=9978"},{"taxonomy":"tribe_events_cat","embeddable":true,"href":"https:\/\/cineslys.com\/val\/wp-json\/wp\/v2\/tribe_events_cat?post=9978"}],"curies":[{"name":"wp","href":"https:\/\/api.w.org\/{rel}","templated":true}]}}

<p data-start="388" data-end="704">Vuelve Proyecto Viridiana con <strong>Los Domingos</strong>, con la presencia online de la <strong>directora Alauda Ruiz de Azúa</strong> desde Cine Paz, Madrid.</p>
<p data-start="388" data-end="704"><strong>Se mostrará un QR en pantalla donde podréis hacerle vuestras preguntas a la directora.</strong></p>
<p data-start="729" data-end="1054"><strong>Sinopsis:</strong> Ainara es una joven de 17 años brillante y muy idealista que, en lugar de elegir una carrera universitaria como espera su familia, decide entregarse a la vida religiosa, convirtiéndose en monja de clausura. Su inesperada decisión hace que los cimientos familiares se sacudan, generando sorpresa, conflictos y un profundo cuestionamiento sobre la fe, la libertad y el destino. A medida que cada miembro afronta la noticia, la familia se enfrenta a una prueba de fuego que cambiará sus vidas para siempre.</p>
<p data-start="388" data-end="704"><a href="https://www.reservaentradas.com/cine/valencia/cineslys?#registro" rel="nofollow noopener" target="_blank"><span style="color: #ff0000;"><strong>Hazte socio de Cines Lys </strong></span></a></p>
<p><a href="https://www.reservaentradas.com/entrada/valencia/cineslys/proyecto-viridiana-los-domingos/371185/?step=2" rel="nofollow noopener" target="_blank"><button>Reserva tu entrada</button></a></p>

<p>Vuelve Proyecto Viridiana con Los Domingos, con la presencia online de la directora Alauda Ruiz de Azúa desde Cine Paz, Madrid. Se mostrará un QR en pantalla donde podréis hacerle&hellip; <a class="more-link" href="https://cineslys.com/val/calendario/proyecto-viridiana-los-domingos/">Continue reading <span class="screen-reader-text">Proyecto Viridiana: Los Domingos</span></a></p>
